CRAN Package Check Results for Package PPMR

Last updated on 2022-12-02 23:50:36 CET.

Flavor Version Tinstall Tcheck Ttotal Status Flags
r-devel-linux-x86_64-debian-clang 1.0 64.55 28.42 92.97 OK
r-devel-linux-x86_64-debian-gcc 1.0 49.14 22.25 71.39 OK
r-devel-linux-x86_64-fedora-clang 1.0 136.95 OK
r-devel-linux-x86_64-fedora-gcc 1.0 125.71 OK
r-devel-windows-x86_64 1.0 51.00 79.00 130.00 OK
r-patched-linux-x86_64 1.0 49.50 27.41 76.91 OK
r-release-linux-x86_64 1.0 52.57 27.79 80.36 OK
r-release-macos-arm64 1.0 32.00 OK
r-release-macos-x86_64 1.0 44.00 OK
r-release-windows-x86_64 1.0 61.00 80.00 141.00 OK
r-oldrel-macos-arm64 1.0 37.00 NOTE
r-oldrel-macos-x86_64 1.0 62.00 OK
r-oldrel-windows-ix86+x86_64 1.0 140.00 77.00 217.00 OK

Check Details

Version: 1.0
Check: installed package size
Result: NOTE
     installed size is 5.4Mb
     sub-directories of 1Mb or more:
     libs 5.2Mb
Flavor: r-oldrel-macos-arm64