CRAN Package Check Results for Package POUMM

Last updated on 2022-11-29 22:53:44 CET.

Flavor Version Tinstall Tcheck Ttotal Status Flags
r-devel-linux-x86_64-debian-clang 2.1.7 40.38 246.35 286.73 OK
r-devel-linux-x86_64-debian-gcc 2.1.7 39.37 176.96 216.33 OK
r-devel-linux-x86_64-fedora-clang 2.1.7 363.23 OK
r-devel-linux-x86_64-fedora-gcc 2.1.7 359.68 OK
r-devel-windows-x86_64 2.1.7 67.00 283.00 350.00 OK
r-patched-linux-x86_64 2.1.7 47.49 228.09 275.58 OK
r-release-linux-x86_64 2.1.7 43.46 221.84 265.30 OK
r-release-macos-arm64 2.1.7 92.00 NOTE
r-release-macos-x86_64 2.1.7 166.00 NOTE
r-release-windows-x86_64 2.1.7 60.00 283.00 343.00 OK
r-oldrel-macos-arm64 2.1.7 129.00 NOTE
r-oldrel-macos-x86_64 2.1.7 164.00 NOTE
r-oldrel-windows-ix86+x86_64 2.1.7 101.00 346.00 447.00 OK

Check Details

Version: 2.1.7
Check: installed package size
Result: NOTE
     installed size is 7.3Mb
     sub-directories of 1Mb or more:
     libs 6.5Mb
Flavors: r-release-macos-arm64, r-release-macos-x86_64, r-oldrel-macos-arm64, r-oldrel-macos-x86_64