CRAN Package Check Results for Package POUMM

Last updated on 2021-02-23 23:50:42 CET.

Flavor Version Tinstall Tcheck Ttotal Status Flags
r-devel-linux-x86_64-debian-clang 2.1.7 42.09 260.22 302.31 OK
r-devel-linux-x86_64-debian-gcc 2.1.7 39.11 188.17 227.28 OK
r-devel-linux-x86_64-fedora-clang 2.1.7 362.53 NOTE
r-devel-linux-x86_64-fedora-gcc 2.1.7 366.27 OK
r-devel-windows-ix86+x86_64 2.1.7 68.00 315.00 383.00 OK
r-patched-linux-x86_64 2.1.7 43.44 237.47 280.91 OK
r-patched-solaris-x86 2.1.7 425.60 OK
r-release-linux-x86_64 2.1.7 43.42 238.90 282.32 OK
r-release-macos-x86_64 2.1.7 NOTE
r-release-windows-ix86+x86_64 2.1.7 100.00 454.00 554.00 OK
r-oldrel-macos-x86_64 2.1.7 NOTE
r-oldrel-windows-ix86+x86_64 2.1.7 67.00 298.00 365.00 OK

Check Details

Version: 2.1.7
Check: installed package size
Result: NOTE
     installed size is 7.2Mb
     sub-directories of 1Mb or more:
     libs 6.4Mb
Flavors: r-devel-linux-x86_64-fedora-clang, r-release-macos-x86_64, r-oldrel-macos-x86_64