CRAN Package Check Results for Package PLMIX

Last updated on 2022-11-25 22:51:39 CET.

Flavor Version Tinstall Tcheck Ttotal Status Flags
r-devel-linux-x86_64-debian-clang 2.1.1 191.73 164.50 356.23 OK
r-devel-linux-x86_64-debian-gcc 2.1.1 132.87 119.92 252.79 OK
r-devel-linux-x86_64-fedora-clang 2.1.1 530.75 NOTE
r-devel-linux-x86_64-fedora-gcc 2.1.1 435.48 NOTE
r-devel-windows-x86_64 2.1.1 131.00 234.00 365.00 OK
r-patched-linux-x86_64 2.1.1 OK
r-release-linux-x86_64 2.1.1 139.47 154.27 293.74 OK
r-release-macos-arm64 2.1.1 104.00 NOTE
r-release-macos-x86_64 2.1.1 176.00 NOTE
r-release-windows-x86_64 2.1.1 153.00 230.00 383.00 OK
r-oldrel-macos-arm64 2.1.1 113.00 NOTE
r-oldrel-macos-x86_64 2.1.1 142.00 NOTE
r-oldrel-windows-ix86+x86_64 2.1.1 432.00 279.00 711.00 OK

Check Details

Version: 2.1.1
Check: dependencies in R code
Result: NOTE
    Namespaces in Imports field not imported from:
     ‘PlackettLuce’ ‘StatRank’ ‘pmr’ ‘prefmod’ ‘rankdist’
     All declared Imports should be used.
Flavors: r-devel-linux-x86_64-fedora-clang, r-devel-linux-x86_64-fedora-gcc, r-release-macos-arm64, r-release-macos-x86_64, r-oldrel-macos-arm64, r-oldrel-macos-x86_64