CRAN Package Check Results for Package PIGE

Last updated on 2019-07-22 06:47:45 CEST.

Flavor Version Tinstall Tcheck Ttotal Status Flags
r-devel-linux-x86_64-debian-clang 1.1 7.72 58.96 66.68 NOTE
r-devel-linux-x86_64-debian-gcc 1.1 6.06 48.67 54.73 NOTE
r-devel-linux-x86_64-fedora-clang 1.1 79.26 NOTE
r-devel-linux-x86_64-fedora-gcc 1.1 77.20 NOTE
r-devel-windows-ix86+x86_64 1.1 17.00 111.00 128.00 OK
r-patched-linux-x86_64 1.1 7.26 58.42 65.68 OK
r-patched-solaris-x86 1.1 163.90 OK
r-release-linux-x86_64 1.1 6.91 59.23 66.14 OK
r-release-windows-ix86+x86_64 1.1 15.00 82.00 97.00 OK
r-release-osx-x86_64 1.1 OK
r-oldrel-windows-ix86+x86_64 1.1 13.00 74.00 87.00 OK
r-oldrel-osx-x86_64 1.1 OK

Check Details

Version: 1.1
Check: for non-standard things in the check directory
Result: NOTE
    Found the following files/directories:
     'res-boot.txt' 'res-obs-surv.txt' 'res-obs.txt' 'res-permut.txt'
Flavors: r-devel-linux-x86_64-debian-clang, r-devel-linux-x86_64-debian-gcc, r-devel-linux-x86_64-fedora-clang, r-devel-linux-x86_64-fedora-gcc