Last updated on 2019-12-08 23:47:32 CET.
Flavor | Version | Tinstall | Tcheck | Ttotal | Status | Flags |
---|---|---|---|---|---|---|
r-devel-linux-x86_64-debian-clang | 1.1 | 7.30 | 62.89 | 70.19 | NOTE | |
r-devel-linux-x86_64-debian-gcc | 1.1 | 7.30 | 50.25 | 57.55 | NOTE | |
r-devel-linux-x86_64-fedora-clang | 1.1 | 86.59 | NOTE | |||
r-devel-linux-x86_64-fedora-gcc | 1.1 | 82.69 | NOTE | |||
r-devel-windows-ix86+x86_64 | 1.1 | 15.00 | 79.00 | 94.00 | OK | |
r-devel-windows-ix86+x86_64-gcc8 | 1.1 | 13.00 | 82.00 | 95.00 | OK | |
r-patched-linux-x86_64 | 1.1 | 7.71 | 58.46 | 66.17 | OK | |
r-patched-solaris-x86 | 1.1 | 155.40 | OK | |||
r-release-linux-x86_64 | 1.1 | 6.29 | 57.63 | 63.92 | OK | |
r-release-windows-ix86+x86_64 | 1.1 | 20.00 | 74.00 | 94.00 | OK | |
r-release-osx-x86_64 | 1.1 | OK | ||||
r-oldrel-windows-ix86+x86_64 | 1.1 | 9.00 | 73.00 | 82.00 | OK | |
r-oldrel-osx-x86_64 | 1.1 | OK |
Version: 1.1
Check: for non-standard things in the check directory
Result: NOTE
Found the following files/directories:
'res-boot.txt' 'res-obs-surv.txt' 'res-obs.txt' 'res-permut.txt'
Flavors: r-devel-linux-x86_64-debian-clang, r-devel-linux-x86_64-debian-gcc, r-devel-linux-x86_64-fedora-clang, r-devel-linux-x86_64-fedora-gcc