CRAN Package Check Results for Package PDM

Last updated on 2023-02-05 23:58:52 CET.

Flavor Version Tinstall Tcheck Ttotal Status Flags
r-devel-linux-x86_64-debian-clang 0.1 2.02 20.01 22.03 NOTE
r-devel-linux-x86_64-debian-gcc 0.1 1.45 15.81 17.26 NOTE
r-devel-linux-x86_64-fedora-clang 0.1 28.15 NOTE
r-devel-linux-x86_64-fedora-gcc 0.1 27.54 NOTE
r-devel-windows-x86_64 0.1 9.00 49.00 58.00 NOTE
r-patched-linux-x86_64 0.1 1.78 20.75 22.53 NOTE
r-release-linux-x86_64 0.1 1.43 20.74 22.17 NOTE
r-release-macos-arm64 0.1 13.00 NOTE
r-release-macos-x86_64 0.1 19.00 NOTE
r-release-windows-x86_64 0.1 14.00 48.00 62.00 NOTE
r-oldrel-macos-arm64 0.1 15.00 NOTE
r-oldrel-macos-x86_64 0.1 22.00 NOTE
r-oldrel-windows-ix86+x86_64 0.1 4.00 48.00 52.00 NOTE

Check Details

Version: 0.1
Check: LazyData
Result: NOTE
     'LazyData' is specified without a 'data' directory
Flavors: r-devel-linux-x86_64-debian-clang, r-devel-linux-x86_64-debian-gcc, r-devel-linux-x86_64-fedora-clang, r-devel-linux-x86_64-fedora-gcc, r-devel-windows-x86_64, r-patched-linux-x86_64, r-release-linux-x86_64, r-release-macos-arm64, r-release-macos-x86_64, r-release-windows-x86_64, r-oldrel-macos-arm64, r-oldrel-macos-x86_64, r-oldrel-windows-ix86+x86_64