CRAN Package Check Results for Package PCMRS

Last updated on 2024-06-14 00:53:52 CEST.

Flavor Version Tinstall Tcheck Ttotal Status Flags
r-devel-linux-x86_64-debian-clang 0.1-4 46.84 86.44 133.28 NOTE
r-devel-linux-x86_64-debian-gcc 0.1-4 34.92 62.11 97.03 NOTE
r-devel-linux-x86_64-fedora-clang 0.1-4 186.63 NOTE
r-devel-linux-x86_64-fedora-gcc 0.1-4 169.12 NOTE
r-devel-windows-x86_64 0.1-4 38.00 96.00 134.00 NOTE
r-patched-linux-x86_64 0.1-4 43.43 79.63 123.06 NOTE
r-release-linux-x86_64 0.1-4 38.24 80.69 118.93 NOTE
r-release-macos-arm64 0.1-4 45.00 NOTE
r-release-macos-x86_64 0.1-4 65.00 NOTE
r-release-windows-x86_64 0.1-4 40.00 97.00 137.00 NOTE
r-oldrel-macos-arm64 0.1-4 55.00 NOTE
r-oldrel-macos-x86_64 0.1-4 88.00 NOTE
r-oldrel-windows-x86_64 0.1-4 46.00 113.00 159.00 NOTE

Check Details

Version: 0.1-4
Check: C++ specification
Result: NOTE Specified C++11: please drop specification unless essential Flavors: r-devel-linux-x86_64-debian-clang, r-devel-linux-x86_64-debian-gcc, r-devel-linux-x86_64-fedora-clang, r-devel-linux-x86_64-fedora-gcc, r-devel-windows-x86_64, r-patched-linux-x86_64, r-release-linux-x86_64, r-release-macos-arm64, r-release-macos-x86_64, r-release-windows-x86_64, r-oldrel-macos-arm64, r-oldrel-macos-x86_64, r-oldrel-windows-x86_64