CRAN Package Check Results for Package PBSmapping

Last updated on 2021-02-23 23:50:42 CET.

Flavor Version Tinstall Tcheck Ttotal Status Flags
r-devel-linux-x86_64-debian-clang 2.73.0 22.66 90.69 113.35 OK
r-devel-linux-x86_64-debian-gcc 2.73.0 17.82 69.21 87.03 OK
r-devel-linux-x86_64-fedora-clang 2.73.0 151.17 NOTE
r-devel-linux-x86_64-fedora-gcc 2.73.0 139.64 OK
r-devel-windows-ix86+x86_64 2.73.0 41.00 118.00 159.00 NOTE
r-patched-linux-x86_64 2.73.0 21.19 85.36 106.55 OK
r-patched-solaris-x86 2.73.0 179.50 NOTE
r-release-linux-x86_64 2.73.0 22.08 86.76 108.84 OK
r-release-macos-x86_64 2.73.0 NOTE
r-release-windows-ix86+x86_64 2.73.0 57.00 151.00 208.00 NOTE
r-oldrel-macos-x86_64 2.73.0 NOTE
r-oldrel-windows-ix86+x86_64 2.73.0 36.00 138.00 174.00 NOTE

Check Details

Version: 2.73.0
Check: installed package size
Result: NOTE
     installed size is 6.8Mb
     sub-directories of 1Mb or more:
     data 2.7Mb
     doc 1.1Mb
     libs 1.4Mb
Flavors: r-devel-linux-x86_64-fedora-clang, r-devel-windows-ix86+x86_64, r-patched-solaris-x86, r-release-macos-x86_64, r-release-windows-ix86+x86_64, r-oldrel-macos-x86_64, r-oldrel-windows-ix86+x86_64