CRAN Package Check Results for Package PBD

Last updated on 2022-06-24 23:50:18 CEST.

Flavor Version Tinstall Tcheck Ttotal Status Flags
r-devel-linux-x86_64-debian-clang 1.4 4.33 88.25 92.58 OK
r-devel-linux-x86_64-debian-gcc 1.4 3.64 63.83 67.47 OK
r-devel-linux-x86_64-fedora-clang 1.4 124.85 NOTE
r-devel-linux-x86_64-fedora-gcc 1.4 118.98 NOTE
r-devel-windows-x86_64 1.4 16.00 117.00 133.00 OK
r-patched-linux-x86_64 1.4 4.46 85.87 90.33 OK
r-release-linux-x86_64 1.4 4.62 86.19 90.81 OK
r-release-macos-arm64 1.4 35.00 NOTE
r-release-macos-x86_64 1.4 42.00 NOTE
r-release-windows-x86_64 1.4 14.00 111.00 125.00 OK
r-oldrel-macos-arm64 1.4 42.00 NOTE
r-oldrel-macos-x86_64 1.4 52.00 NOTE
r-oldrel-windows-ix86+x86_64 1.4 9.00 119.00 128.00 OK

Check Details

Version: 1.4
Check: dependencies in R code
Result: NOTE
    Namespace in Imports field not imported from: ‘ade4’
     All declared Imports should be used.
Flavors: r-devel-linux-x86_64-fedora-clang, r-devel-linux-x86_64-fedora-gcc, r-release-macos-arm64, r-release-macos-x86_64, r-oldrel-macos-arm64, r-oldrel-macos-x86_64