CRAN Package Check Results for Package PAMhm

Last updated on 2022-08-16 23:57:28 CEST.

Flavor Version Tinstall Tcheck Ttotal Status Flags
r-devel-linux-x86_64-debian-clang 0.1.2 8.96 92.46 101.42 OK
r-devel-linux-x86_64-debian-gcc 0.1.2 7.07 69.43 76.50 OK
r-devel-linux-x86_64-fedora-clang 0.1.2 128.69 OK
r-devel-linux-x86_64-fedora-gcc 0.1.2 139.78 OK
r-devel-windows-x86_64 0.1.2 13.00 114.00 127.00 OK
r-patched-linux-x86_64 0.1.2 6.94 87.84 94.78 OK
r-release-linux-x86_64 0.1.2 7.03 90.88 97.91 OK
r-release-macos-arm64 0.1.2 33.00 OK
r-release-macos-x86_64 0.1.2 7.00 ERROR
r-release-windows-x86_64 0.1.2 14.00 117.00 131.00 OK
r-oldrel-macos-arm64 0.1.2 9.00 ERROR
r-oldrel-macos-x86_64 0.1.2 10.00 ERROR
r-oldrel-windows-ix86+x86_64 0.1.2 23.00 112.00 135.00 OK

Check Details

Version: 0.1.2
Check: package dependencies
Result: ERROR
    Package required but not available: ‘heatmapFlex’
    
    See section ‘The DESCRIPTION file’ in the ‘Writing R Extensions’
    manual.
Flavors: r-release-macos-x86_64, r-oldrel-macos-arm64, r-oldrel-macos-x86_64