CRAN Package Check Results for Package OwenQ

Last updated on 2024-06-14 00:53:52 CEST.

Flavor Version Tinstall Tcheck Ttotal Status Flags
r-devel-linux-x86_64-debian-clang 1.0.7 71.32 261.24 332.56 OK
r-devel-linux-x86_64-debian-gcc 1.0.7 54.22 187.29 241.51 ERROR
r-devel-linux-x86_64-fedora-clang 1.0.7 456.17 OK
r-devel-linux-x86_64-fedora-gcc 1.0.7 257.02 OK
r-devel-windows-x86_64 1.0.7 57.00 206.00 263.00 OK
r-patched-linux-x86_64 1.0.7 66.13 252.74 318.87 OK
r-release-linux-x86_64 1.0.7 70.08 251.26 321.34 OK
r-release-macos-arm64 1.0.7 82.00 NOTE
r-release-macos-x86_64 1.0.7 141.00 NOTE
r-release-windows-x86_64 1.0.7 57.00 189.00 246.00 OK
r-oldrel-macos-arm64 1.0.7 104.00 NOTE
r-oldrel-macos-x86_64 1.0.7 355.00 NOTE
r-oldrel-windows-x86_64 1.0.7 67.00 259.00 326.00 OK

Check Details

Version: 1.0.7
Check: package dependencies
Result: NOTE Package suggested but not available for checking: ‘testthat’ Flavor: r-devel-linux-x86_64-debian-gcc

Version: 1.0.7
Check: tests
Result: ERROR Running ‘testthat.R’ [0s/1s] Running the tests in ‘tests/testthat.R’ failed. Complete output: > library(testthat) Error in library(testthat) : there is no package called 'testthat' Execution halted Flavor: r-devel-linux-x86_64-debian-gcc

Version: 1.0.7
Check: installed package size
Result: NOTE installed size is 10.1Mb sub-directories of 1Mb or more: libs 9.5Mb Flavors: r-release-macos-arm64, r-release-macos-x86_64, r-oldrel-macos-arm64, r-oldrel-macos-x86_64