CRAN Package Check Results for Package OrdinalLogisticBiplot

Last updated on 2019-03-22 02:47:13 CET.

Flavor Version Tinstall Tcheck Ttotal Status Flags
r-devel-linux-x86_64-debian-clang 0.4 11.23 94.45 105.68 NOTE
r-devel-linux-x86_64-debian-gcc 0.4 9.07 73.08 82.15 NOTE
r-devel-linux-x86_64-fedora-clang 0.4 122.62 NOTE
r-devel-linux-x86_64-fedora-gcc 0.4 118.31 NOTE
r-devel-windows-ix86+x86_64 0.4 25.00 134.00 159.00 NOTE
r-patched-linux-x86_64 0.4 7.93 88.68 96.61 NOTE
r-patched-solaris-x86 0.4 174.40 NOTE
r-release-linux-x86_64 0.4 7.10 88.43 95.53 NOTE
r-release-windows-ix86+x86_64 0.4 12.00 132.00 144.00 NOTE
r-release-osx-x86_64 0.4 NOTE
r-oldrel-windows-ix86+x86_64 0.4 15.00 141.00 156.00 NOTE
r-oldrel-osx-x86_64 0.4 NOTE

Check Details

Version: 0.4
Check: R code for possible problems
Result: NOTE
    BiplotDensity: no visible global function definition for 'rainbow'
    BiplotDensity: no visible global function definition for 'heat.colors'
    BiplotDensity: no visible global function definition for
     'terrain.colors'
    BiplotDensity: no visible global function definition for 'topo.colors'
    BiplotDensity: no visible global function definition for 'cm.colors'
    BiplotDensity: no visible global function definition for 'par'
    BiplotDensity: no visible global function definition for 'image'
    BiplotDensity: no visible global function definition for 'plot'
    BiplotDensity: no visible global function definition for 'points'
    BiplotDensity: no visible global function definition for 'box'
    BiplotDensity: no visible global function definition for 'contour'
    BiplotDensity: no visible global function definition for 'text'
    CalculateFittingIndicatorsMirt: no visible global function definition
     for 'pchisq'
    CheckDataSet: no visible global function definition for 'na.omit'
    OrdinalLogisticBiplot: no visible global function definition for
     'model.frame'
    PlotClusters: no visible global function definition for 'palette'
    PlotClusters: no visible global function definition for 'rainbow'
    PlotClusters: no visible global function definition for 'quantile'
    PlotClusters: no visible global function definition for 'chull'
    PlotClusters: no visible global function definition for 'lines'
    PlotClusters: no visible global function definition for 'points'
    PlotClusters: no visible global function definition for 'text'
    plot.ordBipVariable: no visible global function definition for 'abline'
    plot.ordBipVariable: no visible global function definition for 'points'
    plot.ordBipVariable: no visible global function definition for 'text'
    plot.ordinal.logistic.biplot: no visible global function definition for
     'colors'
    plot.ordinal.logistic.biplot: no visible global function definition for
     'points'
    plot.ordinal.logistic.biplot: no visible global function definition for
     'dev.new'
    plot.ordinal.logistic.biplot: no visible global function definition for
     'plot'
    plot.ordinal.logistic.biplot: no visible global function definition for
     'text'
    plot.ordinal.logistic.biplot: no visible global function definition for
     'legend'
    plotCurvesCategoriesVariable: no visible global function definition for
     'dev.new'
    plotCurvesCategoriesVariable: no visible global function definition for
     'plot'
    plotCurvesCategoriesVariable: no visible global function definition for
     'points'
    plotOrdinalFittedVariable: no visible global function definition for
     'dev.new'
    plotOrdinalFittedVariable: no visible global function definition for
     'plot'
    plotOrdinalVariable: no visible global function definition for
     'dev.new'
    plotOrdinalVariable: no visible global function definition for 'plot'
    pordlogist: no visible global function definition for 'pchisq'
    summary.pordlogist: no visible global function definition for 'pnorm'
    Undefined global functions or variables:
     abline box chull cm.colors colors contour dev.new heat.colors image
     legend lines model.frame na.omit palette par pchisq plot pnorm points
     quantile rainbow terrain.colors text topo.colors
    Consider adding
     importFrom("grDevices", "chull", "cm.colors", "colors", "dev.new",
     "heat.colors", "palette", "rainbow", "terrain.colors",
     "topo.colors")
     importFrom("graphics", "abline", "box", "contour", "image", "legend",
     "lines", "par", "plot", "points", "text")
     importFrom("stats", "model.frame", "na.omit", "pchisq", "pnorm",
     "quantile")
    to your NAMESPACE file.
Flavors: r-devel-linux-x86_64-debian-clang, r-devel-linux-x86_64-debian-gcc, r-devel-linux-x86_64-fedora-clang, r-devel-linux-x86_64-fedora-gcc, r-devel-windows-ix86+x86_64, r-patched-linux-x86_64, r-patched-solaris-x86, r-release-linux-x86_64, r-release-windows-ix86+x86_64, r-release-osx-x86_64, r-oldrel-windows-ix86+x86_64

Version: 0.4
Check: R code for possible problems
Result: NOTE
    BiplotDensity: no visible global function definition for ‘rainbow’
    BiplotDensity: no visible global function definition for ‘heat.colors’
    BiplotDensity: no visible global function definition for
     ‘terrain.colors’
    BiplotDensity: no visible global function definition for ‘topo.colors’
    BiplotDensity: no visible global function definition for ‘cm.colors’
    BiplotDensity: no visible global function definition for ‘par’
    BiplotDensity: no visible global function definition for ‘image’
    BiplotDensity: no visible global function definition for ‘plot’
    BiplotDensity: no visible global function definition for ‘points’
    BiplotDensity: no visible global function definition for ‘box’
    BiplotDensity: no visible global function definition for ‘contour’
    BiplotDensity: no visible global function definition for ‘text’
    CalculateFittingIndicatorsMirt: no visible global function definition
     for ‘pchisq’
    CheckDataSet: no visible global function definition for ‘na.omit’
    EstimationRowsMIRT: no visible global function definition for ‘coef’
    OrdinalLogisticBiplot: no visible global function definition for
     ‘model.frame’
    PlotClusters: no visible global function definition for ‘palette’
    PlotClusters: no visible global function definition for ‘rainbow’
    PlotClusters: no visible global function definition for ‘quantile’
    PlotClusters: no visible global function definition for ‘chull’
    PlotClusters: no visible global function definition for ‘lines’
    PlotClusters: no visible global function definition for ‘points’
    PlotClusters: no visible global function definition for ‘text’
    plot.ordBipVariable: no visible global function definition for ‘abline’
    plot.ordBipVariable: no visible global function definition for ‘points’
    plot.ordBipVariable: no visible global function definition for ‘text’
    plot.ordinal.logistic.biplot: no visible global function definition for
     ‘colors’
    plot.ordinal.logistic.biplot: no visible global function definition for
     ‘points’
    plot.ordinal.logistic.biplot: no visible global function definition for
     ‘dev.new’
    plot.ordinal.logistic.biplot: no visible global function definition for
     ‘plot’
    plot.ordinal.logistic.biplot: no visible global function definition for
     ‘text’
    plot.ordinal.logistic.biplot: no visible global function definition for
     ‘legend’
    plotCurvesCategoriesVariable: no visible global function definition for
     ‘dev.new’
    plotCurvesCategoriesVariable: no visible global function definition for
     ‘plot’
    plotCurvesCategoriesVariable: no visible global function definition for
     ‘points’
    plotOrdinalFittedVariable: no visible global function definition for
     ‘dev.new’
    plotOrdinalFittedVariable: no visible global function definition for
     ‘plot’
    plotOrdinalVariable: no visible global function definition for
     ‘dev.new’
    plotOrdinalVariable: no visible global function definition for ‘plot’
    pordlogist: no visible global function definition for ‘pchisq’
    summary.pordlogist: no visible global function definition for ‘pnorm’
    Undefined global functions or variables:
     abline box chull cm.colors coef colors contour dev.new heat.colors
     image legend lines model.frame na.omit palette par pchisq plot pnorm
     points quantile rainbow terrain.colors text topo.colors
    Consider adding
     importFrom("grDevices", "chull", "cm.colors", "colors", "dev.new",
     "heat.colors", "palette", "rainbow", "terrain.colors",
     "topo.colors")
     importFrom("graphics", "abline", "box", "contour", "image", "legend",
     "lines", "par", "plot", "points", "text")
     importFrom("stats", "coef", "model.frame", "na.omit", "pchisq",
     "pnorm", "quantile")
    to your NAMESPACE file.
Flavor: r-oldrel-osx-x86_64