Last updated on 2023-01-27 23:38:04 CET.
Flavor | Version | Tinstall | Tcheck | Ttotal | Status | Flags |
---|---|---|---|---|---|---|
r-devel-linux-x86_64-debian-clang | 2022.1.28 | 12.09 | 42.77 | 54.86 | OK | |
r-devel-linux-x86_64-debian-gcc | 2022.1.28 | 12.09 | 32.70 | 44.79 | OK | |
r-devel-linux-x86_64-fedora-clang | 2022.1.28 | 71.37 | NOTE | |||
r-devel-linux-x86_64-fedora-gcc | 2022.1.28 | 73.47 | NOTE | |||
r-devel-windows-x86_64 | 2022.1.28 | 116.00 | 85.00 | 201.00 | OK | |
r-patched-linux-x86_64 | 2022.1.28 | 21.63 | 40.88 | 62.51 | OK | |
r-release-linux-x86_64 | 2022.1.28 | 14.04 | 40.94 | 54.98 | OK | |
r-release-macos-arm64 | 2022.1.28 | 37.00 | NOTE | |||
r-release-macos-x86_64 | 2022.1.28 | 41.00 | NOTE | |||
r-release-windows-x86_64 | 2022.1.28 | 224.00 | 77.00 | 301.00 | OK | |
r-oldrel-macos-arm64 | 2022.1.28 | 37.00 | NOTE | |||
r-oldrel-macos-x86_64 | 2022.1.28 | 43.00 | NOTE | |||
r-oldrel-windows-ix86+x86_64 | 2022.1.28 | 27.00 | 79.00 | 106.00 | OK |
Version: 2022.1.28
Check: data for non-ASCII characters
Result: NOTE
Note: found 167 marked UTF-8 strings
Flavors: r-devel-linux-x86_64-fedora-clang, r-devel-linux-x86_64-fedora-gcc, r-release-macos-arm64, r-release-macos-x86_64, r-oldrel-macos-arm64, r-oldrel-macos-x86_64