Last updated on 2023-06-07 01:03:32 CEST.
Flavor | Version | Tinstall | Tcheck | Ttotal | Status | Flags |
---|---|---|---|---|---|---|
r-devel-linux-x86_64-debian-clang | 0.1.14 | 21.79 | 155.74 | 177.53 | OK | |
r-devel-linux-x86_64-debian-gcc | 0.1.14 | 14.31 | 115.63 | 129.94 | OK | |
r-devel-linux-x86_64-fedora-clang | 0.1.14 | 212.90 | OK | |||
r-devel-linux-x86_64-fedora-gcc | 0.1.14 | 200.16 | OK | |||
r-devel-windows-x86_64 | 0.1.14 | 20.00 | 161.00 | 181.00 | OK | |
r-patched-linux-x86_64 | 0.1.14 | 25.61 | 144.53 | 170.14 | OK | |
r-release-linux-x86_64 | 0.1.14 | 14.28 | 144.95 | 159.23 | OK | |
r-release-macos-arm64 | 0.1.14 | 52.00 | OK | |||
r-release-macos-x86_64 | 0.1.12 | 127.00 | WARN | |||
r-release-windows-x86_64 | 0.1.14 | 24.00 | 200.00 | 224.00 | OK | |
r-oldrel-macos-arm64 | 0.1.14 | 48.00 | OK | |||
r-oldrel-macos-x86_64 | 0.1.14 | 69.00 | OK | |||
r-oldrel-windows-x86_64 | 0.1.14 | 27.00 | 153.00 | 180.00 | OK |
Version: 0.1.12
Check: whether package can be installed
Result: WARN
Found the following significant warnings:
Warning: replacing previous import ‘GPArotation::equamax’ by ‘psych::equamax’ when loading ‘OpenRepGrid’
Warning: replacing previous import ‘GPArotation::varimin’ by ‘psych::varimin’ when loading ‘OpenRepGrid’
Flavor: r-release-macos-x86_64