CRAN Package Check Results for Package OpenMx

Last updated on 2022-05-22 23:51:50 CEST.

Flavor Version Tinstall Tcheck Ttotal Status Flags
r-devel-linux-x86_64-debian-clang 2.20.6 2062.21 434.48 2496.69 WARN
r-devel-linux-x86_64-debian-gcc 2.20.6 1123.64 366.34 1489.98 NOTE
r-devel-linux-x86_64-fedora-clang 2.20.6 3005.28 WARN
r-devel-linux-x86_64-fedora-gcc 2.20.6 2362.84 NOTE
r-devel-windows-x86_64 2.20.6 1198.00 559.00 1757.00 NOTE
r-patched-linux-x86_64 2.20.6 1198.83 442.35 1641.18 NOTE
r-release-linux-x86_64 2.20.6 1194.53 461.06 1655.59 NOTE
r-release-macos-arm64 2.20.6 539.00 NOTE
r-release-macos-x86_64 2.20.6 689.00 NOTE
r-release-windows-x86_64 2.20.6 1215.00 553.00 1768.00 NOTE
r-oldrel-macos-arm64 2.20.6 425.00 NOTE
r-oldrel-macos-x86_64 2.20.6 668.00 NOTE
r-oldrel-windows-ix86+x86_64 2.20.6 2716.00 693.00 3409.00 NOTE

Additional issues

clang14

Check Details

Version: 2.20.6
Check: whether package can be installed
Result: WARN
    Found the following significant warnings:
     omxRAMExpectation.cpp:677:24: warning: use of bitwise '|' with boolean operands [-Wbitwise-instead-of-logical]
     omxRAMExpectation.cpp:682:25: warning: use of bitwise '|' with boolean operands [-Wbitwise-instead-of-logical]
Flavors: r-devel-linux-x86_64-debian-clang, r-devel-linux-x86_64-fedora-clang

Version: 2.20.6
Check: for GNU extensions in Makefiles
Result: NOTE
    GNU make is a SystemRequirements.
Flavors: r-devel-linux-x86_64-debian-clang, r-devel-linux-x86_64-debian-gcc, r-devel-linux-x86_64-fedora-clang, r-devel-linux-x86_64-fedora-gcc, r-devel-windows-x86_64, r-patched-linux-x86_64, r-release-linux-x86_64, r-release-macos-arm64, r-release-macos-x86_64, r-release-windows-x86_64, r-oldrel-macos-arm64, r-oldrel-macos-x86_64, r-oldrel-windows-ix86+x86_64

Version: 2.20.6
Check: installed package size
Result: NOTE
     installed size is 187.8Mb
     sub-directories of 1Mb or more:
     R 2.6Mb
     libs 177.1Mb
     models 4.8Mb
Flavors: r-devel-linux-x86_64-fedora-clang, r-devel-windows-x86_64, r-release-macos-arm64, r-release-macos-x86_64, r-release-windows-x86_64, r-oldrel-macos-arm64, r-oldrel-macos-x86_64, r-oldrel-windows-ix86+x86_64