CRAN Package Check Results for Package OTclust

Last updated on 2020-02-17 00:49:19 CET.

Flavor Version Tinstall Tcheck Ttotal Status Flags
r-devel-linux-x86_64-debian-clang 1.0.2 21.26 565.71 586.97 NOTE
r-devel-linux-x86_64-debian-gcc 1.0.2 13.74 342.34 356.08 NOTE
r-devel-linux-x86_64-fedora-clang 1.0.2 788.44 OK
r-devel-windows-ix86+x86_64 1.0.2 45.00 705.00 750.00 NOTE
r-devel-windows-ix86+x86_64-gcc8 1.0.2 69.00 662.00 731.00 NOTE
r-patched-linux-x86_64 1.0.2 16.23 475.46 491.69 OK
r-patched-solaris-x86 1.0.2 956.90 OK
r-release-linux-x86_64 1.0.2 14.09 458.94 473.03 OK
r-release-windows-ix86+x86_64 1.0.2 36.00 590.00 626.00 OK
r-release-osx-x86_64 1.0.2 OK
r-oldrel-windows-ix86+x86_64 1.0.2 29.00 621.00 650.00 OK
r-oldrel-osx-x86_64 1.0.2 OK

Check Details

Version: 1.0.2
Check: package vignettes
Result: NOTE
    Package vignette with placeholder title 'Vignette Title':
     'OTclust.Rmd'
Flavors: r-devel-linux-x86_64-debian-clang, r-devel-linux-x86_64-debian-gcc, r-devel-windows-ix86+x86_64, r-devel-windows-ix86+x86_64-gcc8