Last updated on 2022-06-29 23:53:25 CEST.
Flavor | Version | Tinstall | Tcheck | Ttotal | Status | Flags |
---|---|---|---|---|---|---|
r-devel-linux-x86_64-debian-clang | 0.1.0 | 5.14 | 54.57 | 59.71 | NOTE | |
r-devel-linux-x86_64-debian-gcc | 0.1.0 | 4.43 | 40.80 | 45.23 | NOTE | |
r-devel-linux-x86_64-fedora-clang | 0.1.0 | 81.81 | NOTE | |||
r-devel-linux-x86_64-fedora-gcc | 0.1.0 | 79.96 | NOTE | |||
r-devel-windows-x86_64 | 0.1.0 | 18.00 | 83.00 | 101.00 | NOTE | |
r-patched-linux-x86_64 | 0.1.0 | 4.08 | 52.56 | 56.64 | NOTE | |
r-release-linux-x86_64 | 0.1.0 | 4.28 | 51.62 | 55.90 | NOTE | |
r-release-macos-arm64 | 0.1.0 | 25.00 | NOTE | |||
r-release-macos-x86_64 | 0.1.0 | 47.00 | NOTE | |||
r-release-windows-x86_64 | 0.1.0 | 16.00 | 78.00 | 94.00 | NOTE | |
r-oldrel-macos-arm64 | 0.1.0 | 30.00 | NOTE | |||
r-oldrel-macos-x86_64 | 0.1.0 | 39.00 | NOTE | |||
r-oldrel-windows-ix86+x86_64 | 0.1.0 | 14.00 | 70.00 | 84.00 | NOTE |
Version: 0.1.0
Check: LazyData
Result: NOTE
'LazyData' is specified without a 'data' directory
Flavors: r-devel-linux-x86_64-debian-clang, r-devel-linux-x86_64-debian-gcc, r-devel-linux-x86_64-fedora-clang, r-devel-linux-x86_64-fedora-gcc, r-devel-windows-x86_64, r-patched-linux-x86_64, r-release-linux-x86_64, r-release-macos-arm64, r-release-macos-x86_64, r-release-windows-x86_64, r-oldrel-macos-arm64, r-oldrel-macos-x86_64, r-oldrel-windows-ix86+x86_64