CRAN Package Check Results for Package OSMscale

Last updated on 2019-11-17 23:48:26 CET.

Flavor Version Tinstall Tcheck Ttotal Status Flags
r-devel-linux-x86_64-debian-clang 0.5.1 10.48 99.40 109.88 OK
r-devel-linux-x86_64-debian-gcc 0.5.1 8.70 74.53 83.23 OK
r-devel-linux-x86_64-fedora-clang 0.5.1 136.22 OK
r-devel-linux-x86_64-fedora-gcc 0.5.1 134.56 OK
r-devel-windows-ix86+x86_64 0.5.1 20.00 5.00 25.00 ERROR
r-patched-linux-x86_64 0.5.1 12.29 91.70 103.99 OK
r-patched-solaris-x86 0.5.1 184.80 OK
r-release-linux-x86_64 0.5.1 10.38 90.43 100.81 OK
r-release-windows-ix86+x86_64 0.5.1 20.00 96.00 116.00 OK
r-release-osx-x86_64 0.5.1 OK
r-oldrel-windows-ix86+x86_64 0.5.1 15.00 149.00 164.00 OK
r-oldrel-osx-x86_64 0.5.1 OK

Check Details

Version: 0.5.1
Check: whether package can be installed
Result: ERROR
    Installation failed.
Flavor: r-devel-windows-ix86+x86_64