CRAN Package Check Results for Package NetworkSim

Last updated on 2021-04-14 23:47:19 CEST.

Flavor Version Tinstall Tcheck Ttotal Status Flags
r-devel-linux-x86_64-debian-clang 0.1.0 6.81 26.35 33.16 WARN
r-devel-linux-x86_64-debian-gcc 0.1.0 6.10 21.07 27.17 WARN
r-devel-linux-x86_64-fedora-clang 0.1.0 54.04 WARN
r-devel-linux-x86_64-fedora-gcc 0.1.0 40.68 WARN
r-devel-windows-ix86+x86_64 0.1.0 12.00 43.00 55.00 WARN
r-devel-windows-x86_64-gcc10-UCRT 0.1.0 WARN
r-patched-linux-x86_64 0.1.0 7.52 25.93 33.45 OK
r-patched-solaris-x86 0.1.0 64.30 NOTE
r-release-linux-x86_64 0.1.0 7.28 25.62 32.90 OK
r-release-macos-x86_64 0.1.0 NOTE
r-release-windows-ix86+x86_64 0.1.0 12.00 44.00 56.00 NOTE
r-oldrel-macos-x86_64 0.1.0 NOTE
r-oldrel-windows-ix86+x86_64 0.1.0 8.00 30.00 38.00 NOTE

Check Details

Version: 0.1.0
Check: LazyData
Result: WARN
     LazyData DB of 5.7 MB without LazyDataCompression set
     See ยง1.1.6 of 'Writing R Extensions'
Flavors: r-devel-linux-x86_64-debian-clang, r-devel-linux-x86_64-debian-gcc, r-devel-linux-x86_64-fedora-clang, r-devel-linux-x86_64-fedora-gcc, r-devel-windows-ix86+x86_64, r-devel-windows-x86_64-gcc10-UCRT

Version: 0.1.0
Check: installed package size
Result: NOTE
     installed size is 5.8Mb
     sub-directories of 1Mb or more:
     data 5.7Mb
Flavors: r-devel-linux-x86_64-fedora-clang, r-devel-windows-ix86+x86_64, r-patched-solaris-x86, r-release-macos-x86_64, r-release-windows-ix86+x86_64, r-oldrel-macos-x86_64, r-oldrel-windows-ix86+x86_64

Version: 0.1.0
Check: package dependencies
Result: NOTE
    Packages suggested but not available for checking:
     'limma', 'DESeq2', 'edgeR', 'org.Hs.eg.db'
Flavor: r-oldrel-macos-x86_64