CRAN Package Check Results for Package NetPreProc

Last updated on 2020-10-28 23:47:20 CET.

Flavor Version Tinstall Tcheck Ttotal Status Flags
r-devel-linux-x86_64-debian-clang 1.1 4.81 41.26 46.07 OK
r-devel-linux-x86_64-debian-gcc 1.1 4.00 32.77 36.77 OK
r-devel-linux-x86_64-fedora-clang 1.1 65.78 NOTE
r-devel-linux-x86_64-fedora-gcc 1.1 60.15 NOTE
r-devel-windows-ix86+x86_64 1.1 12.00 84.00 96.00 OK
r-patched-linux-x86_64 1.1 4.37 39.43 43.80 OK
r-patched-solaris-x86 1.1 82.90 OK
r-release-linux-x86_64 1.1 4.11 39.68 43.79 OK
r-release-macos-x86_64 1.1 OK
r-release-windows-ix86+x86_64 1.1 10.00 84.00 94.00 OK
r-oldrel-macos-x86_64 1.1 OK
r-oldrel-windows-ix86+x86_64 1.1 11.00 89.00 100.00 OK

Check Details

Version: 1.1
Check: compiled code
Result: NOTE
    File ‘NetPreProc/libs/NetPreProc.so’:
     Found no calls to: ‘R_registerRoutines’, ‘R_useDynamicSymbols’
    
    It is good practice to register native routines and to disable symbol
    search.
    
    See ‘Writing portable packages’ in the ‘Writing R Extensions’ manual.
Flavors: r-devel-linux-x86_64-fedora-clang, r-devel-linux-x86_64-fedora-gcc