CRAN Package Check Results for Package Neighboot

Last updated on 2021-04-14 23:47:19 CEST.

Flavor Version Tinstall Tcheck Ttotal Status Flags
r-devel-linux-x86_64-debian-clang 1.0.0 12.27 106.83 119.10 OK
r-devel-linux-x86_64-debian-gcc 1.0.0 11.27 80.97 92.24 OK
r-devel-linux-x86_64-fedora-clang 1.0.0 152.56 NOTE
r-devel-linux-x86_64-fedora-gcc 1.0.0 139.98 NOTE
r-devel-windows-ix86+x86_64 1.0.0 32.00 130.00 162.00 OK
r-devel-windows-x86_64-gcc10-UCRT 1.0.0 NOTE
r-patched-linux-x86_64 1.0.0 11.12 99.60 110.72 OK
r-patched-solaris-x86 1.0.0 224.40 NOTE
r-release-linux-x86_64 1.0.0 10.68 99.41 110.09 OK
r-release-macos-x86_64 1.0.0 NOTE
r-release-windows-ix86+x86_64 1.0.0 33.00 134.00 167.00 OK
r-oldrel-macos-x86_64 1.0.0 NOTE
r-oldrel-windows-ix86+x86_64 1.0.0 20.00 90.00 110.00 OK

Check Details

Version: 1.0.0
Check: dependencies in R code
Result: NOTE
    Namespace in Imports field not imported from: ‘magrittr’
     All declared Imports should be used.
Flavors: r-devel-linux-x86_64-fedora-clang, r-devel-linux-x86_64-fedora-gcc, r-devel-windows-x86_64-gcc10-UCRT, r-patched-solaris-x86, r-release-macos-x86_64, r-oldrel-macos-x86_64