CRAN Package Check Results for Package NHSRplotthedots

Last updated on 2023-03-29 00:57:14 CEST.

Flavor Version Tinstall Tcheck Ttotal Status Flags
r-devel-linux-x86_64-debian-clang 0.1.0 6.42 159.24 165.66 OK
r-devel-linux-x86_64-debian-gcc 0.1.0 5.46 117.69 123.15 OK
r-devel-linux-x86_64-fedora-clang 0.1.0 198.59 NOTE
r-devel-linux-x86_64-fedora-gcc 0.1.0 236.99 NOTE
r-devel-windows-x86_64 0.1.0 53.00 209.00 262.00 OK
r-patched-linux-x86_64 0.1.0 6.39 150.53 156.92 OK
r-release-linux-x86_64 0.1.0 4.69 155.27 159.96 OK
r-release-macos-arm64 0.1.0 41.00 NOTE
r-release-macos-x86_64 0.1.0 74.00 ERROR
r-release-windows-x86_64 0.1.0 36.00 198.00 234.00 OK
r-oldrel-macos-arm64 0.1.0 47.00 NOTE
r-oldrel-macos-x86_64 0.1.0 87.00 ERROR
r-oldrel-windows-ix86+x86_64 0.1.0 15.00 196.00 211.00 OK

Check Details

Version: 0.1.0
Check: dependencies in R code
Result: NOTE
    Namespaces in Imports field not imported from:
     ‘NHSRdatasets’ ‘grid’ ‘utils’
     All declared Imports should be used.
Flavors: r-devel-linux-x86_64-fedora-clang, r-devel-linux-x86_64-fedora-gcc, r-release-macos-arm64, r-release-macos-x86_64, r-oldrel-macos-arm64

Version: 0.1.0
Check: tests
Result: ERROR
     Running ‘spelling.R’ [0s/0s]
     Running ‘testthat.R’ [7s/7s]
    Running the tests in ‘tests/testthat.R’ failed.
    Last 13 lines of output:
     ══ Failed tests ════════════════════════════════════════════════════════════════
     ── Failure (test-ptd_create_ggplot.R:79:3): it returns a ggplot object ─────────
     p$labels (`actual`) not equal to list(...) (`expected`).
    
     `actual$title`: "SPC Chart of Y, starting 01/01/2020"
     `expected$title`: "SPC Chart of Y, starting 02/01/2020"
     ── Failure (test-ptd_create_ggplot.R:299:3): it sets the main title correctly ──
     p1$labels$title (`actual`) not equal to "SPC Chart of Y, starting 02/01/2020" (`expected`).
    
     `actual`: "SPC Chart of Y, starting 01/01/2020"
     `expected`: "SPC Chart of Y, starting 02/01/2020"
    
     [ FAIL 2 | WARN 0 | SKIP 3 | PASS 430 ]
     Error: Test failures
     Execution halted
Flavor: r-release-macos-x86_64

Version: 0.1.0
Check: tests
Result: ERROR
     Running ‘spelling.R’ [0s/0s]
     Running ‘testthat.R’ [27s/27s]
    Running the tests in ‘tests/testthat.R’ failed.
    Last 13 lines of output:
     ══ Failed tests ════════════════════════════════════════════════════════════════
     ── Failure ('test-ptd_create_ggplot.R:79:3'): it returns a ggplot object ───────
     p$labels (`actual`) not equal to list(...) (`expected`).
    
     `actual$title`: "SPC Chart of Y, starting 01/01/2020"
     `expected$title`: "SPC Chart of Y, starting 02/01/2020"
     ── Failure ('test-ptd_create_ggplot.R:299:3'): it sets the main title correctly ──
     p1$labels$title (`actual`) not equal to "SPC Chart of Y, starting 02/01/2020" (`expected`).
    
     `actual`: "SPC Chart of Y, starting 01/01/2020"
     `expected`: "SPC Chart of Y, starting 02/01/2020"
    
     [ FAIL 2 | WARN 733 | SKIP 3 | PASS 430 ]
     Error: Test failures
     Execution halted
Flavor: r-oldrel-macos-x86_64