Last updated on 2021-02-23 23:50:40 CET.
Flavor | Version | Tinstall | Tcheck | Ttotal | Status | Flags |
---|---|---|---|---|---|---|
r-devel-linux-x86_64-debian-clang | 0.2.0 | 1.81 | 62.85 | 64.66 | OK | |
r-devel-linux-x86_64-debian-gcc | 0.2.0 | 1.59 | 46.86 | 48.45 | OK | |
r-devel-linux-x86_64-fedora-clang | 0.2.0 | 91.43 | NOTE | |||
r-devel-linux-x86_64-fedora-gcc | 0.2.0 | 77.56 | NOTE | |||
r-devel-windows-ix86+x86_64 | 0.2.0 | 4.00 | 64.00 | 68.00 | OK | |
r-patched-linux-x86_64 | 0.2.0 | 2.07 | 61.23 | 63.30 | OK | |
r-patched-solaris-x86 | 0.2.0 | 117.00 | NOTE | |||
r-release-linux-x86_64 | 0.2.0 | 2.06 | 61.60 | 63.66 | OK | |
r-release-macos-x86_64 | 0.2.0 | NOTE | ||||
r-release-windows-ix86+x86_64 | 0.2.0 | 5.00 | 92.00 | 97.00 | OK | |
r-oldrel-macos-x86_64 | 0.2.0 | NOTE | ||||
r-oldrel-windows-ix86+x86_64 | 0.2.0 | 3.00 | 88.00 | 91.00 | OK |
Version: 0.2.0
Check: dependencies in R code
Result: NOTE
Namespace in Imports field not imported from: ‘tibble’
All declared Imports should be used.
Flavors: r-devel-linux-x86_64-fedora-clang, r-devel-linux-x86_64-fedora-gcc, r-patched-solaris-x86, r-release-macos-x86_64, r-oldrel-macos-x86_64