CRAN Package Check Results for Package NHMM

Last updated on 2020-09-26 23:46:39 CEST.

Flavor Version Tinstall Tcheck Ttotal Status Flags
r-devel-linux-x86_64-debian-clang 3.11 243.54 91.38 334.92 OK
r-devel-linux-x86_64-debian-gcc 3.11 169.82 70.95 240.77 OK
r-devel-linux-x86_64-fedora-clang 3.11 486.47 NOTE
r-devel-linux-x86_64-fedora-gcc 3.11 431.83 OK
r-devel-windows-ix86+x86_64 3.11 561.00 165.00 726.00 OK
r-patched-linux-x86_64 3.11 172.04 86.08 258.12 OK
r-patched-solaris-x86 3.11 369.30 OK
r-release-linux-x86_64 3.11 172.24 86.72 258.96 OK
r-release-macos-x86_64 3.11 OK
r-release-windows-ix86+x86_64 3.11 492.00 158.00 650.00 OK
r-oldrel-macos-x86_64 3.11 OK
r-oldrel-windows-ix86+x86_64 3.11 514.00 146.00 660.00 OK

Check Details

Version: 3.11
Check: installed package size
Result: NOTE
     installed size is 7.2Mb
     sub-directories of 1Mb or more:
     libs 6.2Mb
Flavor: r-devel-linux-x86_64-fedora-clang