CRAN Package Check Results for Package NFLSimulatoR

Last updated on 2024-06-25 00:58:09 CEST.

Flavor Version Tinstall Tcheck Ttotal Status Flags
r-devel-linux-x86_64-debian-clang 0.4.0 4.32 56.05 60.37 OK
r-devel-linux-x86_64-debian-gcc 0.4.0 2.67 55.19 57.86 OK
r-devel-linux-x86_64-fedora-clang 0.4.0 81.58 NOTE
r-devel-linux-x86_64-fedora-gcc 0.4.0 89.94 NOTE
r-devel-windows-x86_64 0.4.0 4.00 64.00 68.00 OK
r-patched-linux-x86_64 0.4.0 2.35 57.06 59.41 OK
r-release-linux-x86_64 0.4.0 2.41 62.02 64.43 OK
r-release-macos-arm64 0.4.0 38.00 OK
r-release-macos-x86_64 0.4.0 52.00 OK
r-release-windows-x86_64 0.4.0 5.00 64.00 69.00 OK
r-oldrel-macos-arm64 0.4.0 38.00 OK
r-oldrel-macos-x86_64 0.4.0 46.00 OK
r-oldrel-windows-x86_64 0.4.0 5.00 69.00 74.00 OK

Check Details

Version: 0.4.0
Check: dependencies in R code
Result: NOTE Namespace in Imports field not imported from: ‘nflfastR’ All declared Imports should be used. Flavors: r-devel-linux-x86_64-fedora-clang, r-devel-linux-x86_64-fedora-gcc