CRAN Package Check Results for Package NBShiny2

Last updated on 2022-11-28 22:51:28 CET.

Flavor Version Tinstall Tcheck Ttotal Status Flags
r-devel-linux-x86_64-debian-clang 0.1.0 2.33 21.30 23.63 NOTE
r-devel-linux-x86_64-debian-gcc 0.1.0 1.80 16.61 18.41 NOTE
r-devel-linux-x86_64-fedora-clang 0.1.0 39.63 NOTE
r-devel-linux-x86_64-fedora-gcc 0.1.0 38.20 NOTE
r-devel-windows-x86_64 0.1.0 5.00 48.00 53.00 NOTE
r-patched-linux-x86_64 0.1.0 2.15 20.67 22.82 NOTE
r-release-linux-x86_64 0.1.0 1.83 20.38 22.21 NOTE
r-release-macos-arm64 0.1.0 15.00 NOTE
r-release-macos-x86_64 0.1.0 22.00 NOTE
r-release-windows-x86_64 0.1.0 7.00 48.00 55.00 NOTE
r-oldrel-macos-arm64 0.1.0 18.00 NOTE
r-oldrel-macos-x86_64 0.1.0 21.00 NOTE
r-oldrel-windows-ix86+x86_64 0.1.0 7.00 53.00 60.00 NOTE

Check Details

Version: 0.1.0
Check: LazyData
Result: NOTE
     'LazyData' is specified without a 'data' directory
Flavors: r-devel-linux-x86_64-debian-clang, r-devel-linux-x86_64-debian-gcc, r-devel-linux-x86_64-fedora-clang, r-devel-linux-x86_64-fedora-gcc, r-devel-windows-x86_64, r-patched-linux-x86_64, r-release-linux-x86_64, r-release-macos-arm64, r-release-macos-x86_64, r-release-windows-x86_64, r-oldrel-macos-arm64, r-oldrel-macos-x86_64, r-oldrel-windows-ix86+x86_64

Version: 0.1.0
Check: dependencies in R code
Result: NOTE
    Namespaces in Imports field not imported from:
     ‘caret’ ‘datasets’ ‘dplyr’ ‘e1071’ ‘rhandsontable’ ‘shiny’
     All declared Imports should be used.
Flavors: r-devel-linux-x86_64-fedora-clang, r-devel-linux-x86_64-fedora-gcc, r-release-macos-arm64, r-release-macos-x86_64, r-oldrel-macos-arm64, r-oldrel-macos-x86_64