CRAN Package Check Results for Package MulvariateRandomForestVarImp

Last updated on 2022-06-29 23:53:24 CEST.

Flavor Version Tinstall Tcheck Ttotal Status Flags
r-devel-linux-x86_64-debian-clang 0.0.2 2.00 33.25 35.25 OK
r-devel-linux-x86_64-debian-gcc 0.0.2 1.56 25.35 26.91 OK
r-devel-linux-x86_64-fedora-clang 0.0.2 52.85 OK
r-devel-linux-x86_64-fedora-gcc 0.0.2 51.64 OK
r-devel-windows-x86_64 0.0.2 154.00 57.00 211.00 OK
r-patched-linux-x86_64 0.0.2 2.42 31.87 34.29 OK
r-release-linux-x86_64 0.0.2 1.57 31.84 33.41 OK
r-release-macos-arm64 0.0.2 17.00 OK
r-release-macos-x86_64 0.0.2 7.00 ERROR
r-release-windows-x86_64 0.0.2 43.00 62.00 105.00 OK
r-oldrel-macos-arm64 0.0.2 15.00 OK
r-oldrel-macos-x86_64 0.0.2 27.00 OK
r-oldrel-windows-ix86+x86_64 0.0.2 6.00 52.00 58.00 OK

Check Details

Version: 0.0.2
Check: package dependencies
Result: ERROR
    Package required but not available: ‘MultivariateRandomForest’
    
    See section ‘The DESCRIPTION file’ in the ‘Writing R Extensions’
    manual.
Flavor: r-release-macos-x86_64