CRAN Package Check Results for Package MultiVarSel

Last updated on 2020-01-19 23:46:50 CET.

Flavor Version Tinstall Tcheck Ttotal Status Flags
r-devel-linux-x86_64-debian-clang 1.1.3 7.59 62.57 70.16 OK
r-devel-linux-x86_64-debian-gcc 1.1.3 6.15 49.26 55.41 OK
r-devel-linux-x86_64-fedora-clang 1.1.3 85.74 NOTE
r-devel-linux-x86_64-fedora-gcc 1.1.3 88.03 NOTE
r-devel-windows-ix86+x86_64 1.1.3 21.00 95.00 116.00 OK
r-devel-windows-ix86+x86_64-gcc8 1.1.3 16.00 96.00 112.00 OK
r-patched-linux-x86_64 1.1.3 5.03 57.34 62.37 OK
r-patched-solaris-x86 1.1.3 121.80 NOTE
r-release-linux-x86_64 1.1.3 5.90 56.75 62.65 OK
r-release-windows-ix86+x86_64 1.1.3 23.00 70.00 93.00 OK
r-release-osx-x86_64 1.1.3 NOTE
r-oldrel-windows-ix86+x86_64 1.1.3 9.00 61.00 70.00 OK
r-oldrel-osx-x86_64 1.1.3 NOTE

Check Details

Version: 1.1.3
Check: data for non-ASCII characters
Result: NOTE
     Note: found 6 marked UTF-8 strings
Flavors: r-devel-linux-x86_64-fedora-clang, r-devel-linux-x86_64-fedora-gcc, r-patched-solaris-x86, r-release-osx-x86_64, r-oldrel-osx-x86_64