CRAN Package Check Results for Package MultiVarSel

Last updated on 2019-09-15 23:46:25 CEST.

Flavor Version Tinstall Tcheck Ttotal Status Flags
r-devel-linux-x86_64-debian-clang 1.1.3 6.06 60.02 66.08 OK
r-devel-linux-x86_64-debian-gcc 1.1.3 5.27 47.02 52.29 OK
r-devel-linux-x86_64-fedora-clang 1.1.3 79.71 NOTE
r-devel-linux-x86_64-fedora-gcc 1.1.3 78.04 NOTE
r-devel-windows-ix86+x86_64 1.1.3 23.00 69.00 92.00 OK
r-patched-linux-x86_64 1.1.3 6.72 57.60 64.32 OK
r-patched-solaris-x86 1.1.3 127.20 NOTE
r-release-linux-x86_64 1.1.3 6.11 57.62 63.73 OK
r-release-windows-ix86+x86_64 1.1.3 16.00 95.00 111.00 OK
r-release-osx-x86_64 1.1.3 NOTE
r-oldrel-windows-ix86+x86_64 1.1.3 13.00 68.00 81.00 OK
r-oldrel-osx-x86_64 1.1.3 NOTE

Check Details

Version: 1.1.3
Check: data for non-ASCII characters
Result: NOTE
     Note: found 6 marked UTF-8 strings
Flavors: r-devel-linux-x86_64-fedora-clang, r-devel-linux-x86_64-fedora-gcc, r-patched-solaris-x86, r-release-osx-x86_64, r-oldrel-osx-x86_64