Last updated on 2022-07-05 23:55:46 CEST.
Flavor | Version | Tinstall | Tcheck | Ttotal | Status | Flags |
---|---|---|---|---|---|---|
r-devel-linux-x86_64-debian-clang | 0.1.0 | 9.73 | 98.23 | 107.96 | OK | |
r-devel-linux-x86_64-debian-gcc | 0.1.0 | 6.99 | 75.09 | 82.08 | OK | |
r-devel-linux-x86_64-fedora-clang | 0.1.0 | 136.09 | NOTE | |||
r-devel-linux-x86_64-fedora-gcc | 0.1.0 | 137.01 | NOTE | |||
r-devel-windows-x86_64 | 0.1.0 | 20.00 | 120.00 | 140.00 | OK | |
r-patched-linux-x86_64 | 0.1.0 | 9.80 | 95.75 | 105.55 | OK | |
r-release-linux-x86_64 | 0.1.0 | 9.00 | 95.02 | 104.02 | OK | |
r-release-macos-arm64 | 0.1.0 | 57.00 | NOTE | |||
r-release-macos-x86_64 | 0.1.0 | 55.00 | NOTE | |||
r-release-windows-x86_64 | 0.1.0 | 14.00 | 125.00 | 139.00 | OK | |
r-oldrel-macos-arm64 | 0.1.0 | 49.00 | NOTE | |||
r-oldrel-macos-x86_64 | 0.1.0 | 70.00 | NOTE | |||
r-oldrel-windows-ix86+x86_64 | 0.1.0 | 21.00 | 119.00 | 140.00 | OK |
Version: 0.1.0
Check: dependencies in R code
Result: NOTE
Namespace in Imports field not imported from: ‘MASS’
All declared Imports should be used.
Flavors: r-devel-linux-x86_64-fedora-clang, r-devel-linux-x86_64-fedora-gcc, r-release-macos-arm64, r-release-macos-x86_64, r-oldrel-macos-arm64, r-oldrel-macos-x86_64