Last updated on 2022-05-16 23:55:37 CEST.
Flavor | Version | Tinstall | Tcheck | Ttotal | Status | Flags |
---|---|---|---|---|---|---|
r-devel-linux-x86_64-debian-clang | 1.3.30 | 45.52 | 290.50 | 336.02 | OK | |
r-devel-linux-x86_64-debian-gcc | 1.3.30 | 32.12 | 211.56 | 243.68 | OK | |
r-devel-linux-x86_64-fedora-clang | 1.3.30 | 382.70 | NOTE | |||
r-devel-linux-x86_64-fedora-gcc | 1.3.30 | 395.39 | NOTE | |||
r-devel-windows-x86_64 | 1.3.30 | 236.00 | 326.00 | 562.00 | OK | |
r-patched-linux-x86_64 | 1.3.30 | 37.09 | 264.86 | 301.95 | OK | |
r-release-linux-x86_64 | 1.3.30 | 40.24 | 266.34 | 306.58 | OK | |
r-release-macos-arm64 | 1.3.30 | 86.00 | NOTE | |||
r-release-macos-x86_64 | 1.3.30 | 157.00 | NOTE | |||
r-release-windows-x86_64 | 1.3.30 | 258.00 | 319.00 | 577.00 | OK | |
r-oldrel-macos-arm64 | 1.3.30 | 106.00 | NOTE | |||
r-oldrel-macos-x86_64 | 1.3.30 | 164.00 | NOTE | |||
r-oldrel-windows-ix86+x86_64 | 1.3.30 | 77.00 | 325.00 | 402.00 | OK |
Version: 1.3.30
Check: dependencies in R code
Result: NOTE
Namespace in Imports field not imported from: ‘polycor’
All declared Imports should be used.
Flavors: r-devel-linux-x86_64-fedora-clang, r-devel-linux-x86_64-fedora-gcc, r-release-macos-arm64, r-release-macos-x86_64, r-oldrel-macos-arm64, r-oldrel-macos-x86_64