CRAN Package Check Results for Package MuChPoint

Last updated on 2022-01-23 23:50:23 CET.

Flavor Version Tinstall Tcheck Ttotal Status Flags
r-devel-linux-x86_64-debian-clang 0.6.1 18.52 41.48 60.00 NOTE
r-devel-linux-x86_64-debian-gcc 0.6.1 13.08 36.51 49.59 NOTE
r-devel-linux-x86_64-fedora-clang 0.6.1 81.98 NOTE
r-devel-linux-x86_64-fedora-gcc 0.6.1 69.94 NOTE
r-devel-windows-x86_64-new-UL 0.6.1 51.00 78.00 129.00 NOTE
r-devel-windows-x86_64-new-TK 0.6.1 NOTE
r-patched-linux-x86_64 0.6.1 19.29 40.67 59.96 NOTE
r-release-linux-x86_64 0.6.1 17.85 40.15 58.00 NOTE
r-release-macos-arm64 0.6.1 NOTE
r-release-macos-x86_64 0.6.1 NOTE
r-release-windows-ix86+x86_64 0.6.1 48.00 95.00 143.00 NOTE
r-oldrel-macos-x86_64 0.6.1 NOTE
r-oldrel-windows-ix86+x86_64 0.6.1 48.00 80.00 128.00 OK

Check Details

Version: 0.6.1
Check: LazyData
Result: NOTE
     'LazyData' is specified without a 'data' directory
Flavors: r-devel-linux-x86_64-debian-clang, r-devel-linux-x86_64-debian-gcc, r-devel-linux-x86_64-fedora-clang, r-devel-linux-x86_64-fedora-gcc, r-devel-windows-x86_64-new-UL, r-devel-windows-x86_64-new-TK, r-patched-linux-x86_64, r-release-linux-x86_64, r-release-macos-arm64, r-release-macos-x86_64, r-release-windows-ix86+x86_64

Version: 0.6.1
Check: dependencies in R code
Result: NOTE
    Namespaces in Imports field not imported from:
     ‘Matrix’ ‘capushe’ ‘shiny’
     All declared Imports should be used.
Flavors: r-devel-linux-x86_64-fedora-clang, r-devel-linux-x86_64-fedora-gcc, r-devel-windows-x86_64-new-TK, r-release-macos-arm64, r-release-macos-x86_64, r-oldrel-macos-x86_64