Last updated on 2022-08-16 23:57:26 CEST.
Flavor | Version | Tinstall | Tcheck | Ttotal | Status | Flags |
---|---|---|---|---|---|---|
r-devel-linux-x86_64-debian-clang | 2.0.0 | 6.46 | 34.79 | 41.25 | OK | |
r-devel-linux-x86_64-debian-gcc | 2.0.0 | 5.10 | 27.42 | 32.52 | OK | |
r-devel-linux-x86_64-fedora-clang | 2.0.0 | 60.67 | NOTE | |||
r-devel-linux-x86_64-fedora-gcc | 2.0.0 | 59.50 | NOTE | |||
r-devel-windows-x86_64 | 2.0.0 | 43.00 | 60.00 | 103.00 | OK | |
r-patched-linux-x86_64 | 2.0.0 | 5.98 | 33.90 | 39.88 | OK | |
r-release-linux-x86_64 | 2.0.0 | 3.81 | 33.79 | 37.60 | OK | |
r-release-macos-arm64 | 2.0.0 | 22.00 | NOTE | |||
r-release-macos-x86_64 | 2.0.0 | 37.00 | NOTE | |||
r-release-windows-x86_64 | 2.0.0 | 53.00 | 63.00 | 116.00 | OK | |
r-oldrel-macos-arm64 | 2.0.0 | 31.00 | NOTE | |||
r-oldrel-macos-x86_64 | 2.0.0 | 46.00 | NOTE | |||
r-oldrel-windows-ix86+x86_64 | 2.0.0 | 17.00 | 69.00 | 86.00 | OK |
Version: 2.0.0
Check: dependencies in R code
Result: NOTE
Namespace in Imports field not imported from: ‘testthat’
All declared Imports should be used.
Flavors: r-devel-linux-x86_64-fedora-clang, r-devel-linux-x86_64-fedora-gcc, r-release-macos-arm64, r-release-macos-x86_64, r-oldrel-macos-arm64, r-oldrel-macos-x86_64