CRAN Package Check Results for Package MonetDB.R

Last updated on 2019-07-22 06:47:43 CEST.

Flavor Version Tinstall Tcheck Ttotal Status Flags
r-devel-linux-x86_64-debian-clang 1.0.1 5.15 29.97 35.12 NOTE
r-devel-linux-x86_64-debian-gcc 1.0.1 4.23 24.19 28.42 NOTE
r-devel-linux-x86_64-fedora-clang 1.0.1 42.05 NOTE
r-devel-linux-x86_64-fedora-gcc 1.0.1 41.58 NOTE
r-devel-windows-ix86+x86_64 1.0.1 12.00 75.00 87.00 NOTE
r-patched-linux-x86_64 1.0.1 4.78 29.63 34.41 NOTE
r-patched-solaris-x86 1.0.1 70.20 NOTE
r-release-linux-x86_64 1.0.1 4.96 29.92 34.88 NOTE
r-release-windows-ix86+x86_64 1.0.1 14.00 50.00 64.00 NOTE
r-release-osx-x86_64 1.0.1 NOTE
r-oldrel-windows-ix86+x86_64 1.0.1 16.00 65.00 81.00 NOTE
r-oldrel-osx-x86_64 1.0.1 NOTE

Check Details

Version: 1.0.1
Check: package dependencies
Result: NOTE
    Package which this enhances but not available for checking: 'MonetDBLite'
Flavors: r-devel-linux-x86_64-debian-clang, r-devel-linux-x86_64-debian-gcc, r-devel-linux-x86_64-fedora-clang, r-devel-linux-x86_64-fedora-gcc, r-patched-linux-x86_64, r-patched-solaris-x86, r-release-linux-x86_64

Version: 1.0.1
Check: dependencies in R code
Result: NOTE
    Missing or unexported objects:
     'dplyr::base_agg' 'dplyr::base_scalar' 'dplyr::build_sql'
     'dplyr::is.ident' 'dplyr::sql_infix' 'dplyr::sql_prefix'
     'dplyr::sql_translator' 'dplyr::sql_variant' 'dplyr::src_sql'
     'dplyr::tbl_sql'
Flavors: r-devel-linux-x86_64-debian-clang, r-devel-linux-x86_64-debian-gcc, r-devel-linux-x86_64-fedora-clang, r-devel-linux-x86_64-fedora-gcc, r-devel-windows-ix86+x86_64, r-patched-linux-x86_64, r-patched-solaris-x86, r-release-linux-x86_64, r-release-windows-ix86+x86_64, r-release-osx-x86_64, r-oldrel-windows-ix86+x86_64, r-oldrel-osx-x86_64

Version: 1.0.1
Check: compiled code
Result: NOTE
    File ‘MonetDB.R/libs/MonetDB.R.so’:
     Found no calls to: ‘R_registerRoutines’, ‘R_useDynamicSymbols’
    
    It is good practice to register native routines and to disable symbol
    search.
    
    See ‘Writing portable packages’ in the ‘Writing R Extensions’ manual.
Flavors: r-devel-linux-x86_64-fedora-clang, r-devel-linux-x86_64-fedora-gcc