CRAN Package Check Results for Package MixSIAR

Last updated on 2022-07-05 23:55:45 CEST.

Flavor Version Tinstall Tcheck Ttotal Status Flags
r-devel-linux-x86_64-debian-clang 3.1.12 7.63 83.87 91.50 NOTE
r-devel-linux-x86_64-debian-gcc 3.1.12 6.75 62.88 69.63 NOTE
r-devel-linux-x86_64-fedora-clang 3.1.12 118.58 NOTE
r-devel-linux-x86_64-fedora-gcc 3.1.12 127.29 NOTE
r-devel-windows-x86_64 3.1.12 36.00 128.00 164.00 NOTE
r-patched-linux-x86_64 3.1.12 6.85 78.75 85.60 NOTE
r-release-linux-x86_64 3.1.12 5.02 80.26 85.28 NOTE
r-release-macos-arm64 3.1.12 51.00 NOTE
r-release-macos-x86_64 3.1.12 64.00 NOTE
r-release-windows-x86_64 3.1.12 33.00 132.00 165.00 NOTE
r-oldrel-macos-arm64 3.1.12 46.00 NOTE
r-oldrel-macos-x86_64 3.1.12 111.00 NOTE
r-oldrel-windows-ix86+x86_64 3.1.12 16.00 105.00 121.00 NOTE

Check Details

Version: 3.1.12
Check: LazyData
Result: NOTE
     'LazyData' is specified without a 'data' directory
Flavors: r-devel-linux-x86_64-debian-clang, r-devel-linux-x86_64-debian-gcc, r-devel-linux-x86_64-fedora-clang, r-devel-linux-x86_64-fedora-gcc, r-devel-windows-x86_64, r-patched-linux-x86_64, r-release-linux-x86_64, r-release-macos-arm64, r-release-macos-x86_64, r-release-windows-x86_64, r-oldrel-macos-arm64, r-oldrel-macos-x86_64, r-oldrel-windows-ix86+x86_64