Last updated on 2022-06-28 23:54:09 CEST.
Flavor | Version | Tinstall | Tcheck | Ttotal | Status | Flags |
---|---|---|---|---|---|---|
r-devel-linux-x86_64-debian-clang | 1.5.1 | 628.20 | 103.14 | 731.34 | OK | |
r-devel-linux-x86_64-debian-gcc | 1.5.1 | 582.23 | 79.13 | 661.36 | OK | |
r-devel-linux-x86_64-fedora-clang | 1.5.1 | 1212.15 | NOTE | |||
r-devel-linux-x86_64-fedora-gcc | 1.5.1 | 1121.29 | OK | |||
r-devel-windows-x86_64 | 1.5.1 | 697.00 | 226.00 | 923.00 | OK | |
r-patched-linux-x86_64 | 1.5.1 | 612.40 | 101.01 | 713.41 | OK | |
r-release-linux-x86_64 | 1.5.1 | 615.62 | 101.92 | 717.54 | OK | |
r-release-macos-arm64 | 1.5.1 | 248.00 | NOTE | |||
r-release-macos-x86_64 | 1.5.1 | 374.00 | NOTE | |||
r-release-windows-x86_64 | 1.5.1 | 722.00 | 226.00 | 948.00 | OK | |
r-oldrel-macos-arm64 | 1.5.1 | 288.00 | NOTE | |||
r-oldrel-macos-x86_64 | 1.5.1 | 493.00 | NOTE | |||
r-oldrel-windows-ix86+x86_64 | 1.5.1 | 1706.00 | 240.00 | 1946.00 | NOTE |
Version: 1.5.1
Check: installed package size
Result: NOTE
installed size is 22.6Mb
sub-directories of 1Mb or more:
libs 20.3Mb
Flavors: r-devel-linux-x86_64-fedora-clang, r-release-macos-arm64, r-release-macos-x86_64, r-oldrel-macos-arm64, r-oldrel-macos-x86_64, r-oldrel-windows-ix86+x86_64