CRAN Package Check Results for Package MitoHEAR

Last updated on 2022-09-25 23:56:19 CEST.

Flavor Version Tinstall Tcheck Ttotal Status Flags
r-devel-linux-x86_64-debian-clang 0.1.0 5.39 371.39 376.78 OK
r-devel-linux-x86_64-debian-gcc 0.1.0 5.17 277.09 282.26 OK
r-devel-linux-x86_64-fedora-clang 0.1.0 421.66 NOTE
r-devel-linux-x86_64-fedora-gcc 0.1.0 428.66 NOTE
r-devel-windows-x86_64 0.1.0 10.00 359.00 369.00 OK
r-patched-linux-x86_64 0.1.0 5.73 350.22 355.95 OK
r-release-linux-x86_64 0.1.0 4.62 374.35 378.97 OK
r-release-macos-arm64 0.1.0 138.00 NOTE
r-release-macos-x86_64 0.1.0 376.00 NOTE
r-release-windows-x86_64 0.1.0 9.00 359.00 368.00 OK
r-oldrel-macos-arm64 0.1.0 142.00 NOTE
r-oldrel-macos-x86_64 0.1.0 252.00 NOTE
r-oldrel-windows-ix86+x86_64 0.1.0 13.00 387.00 400.00 OK

Check Details

Version: 0.1.0
Check: package dependencies
Result: NOTE
    Packages suggested but not available for checking:
     'karyoploteR', 'regioneR'
Flavors: r-devel-linux-x86_64-fedora-clang, r-devel-linux-x86_64-fedora-gcc, r-release-macos-arm64, r-oldrel-macos-arm64

Version: 0.1.0
Check: package dependencies
Result: NOTE
    Package suggested but not available for checking: ‘karyoploteR’
Flavors: r-release-macos-x86_64, r-oldrel-macos-x86_64