CRAN Package Check Results for Package MethComp

Last updated on 2022-11-26 23:58:20 CET.

Flavor Version Tinstall Tcheck Ttotal Status Flags
r-devel-linux-x86_64-debian-clang 1.30.0 6.54 100.57 107.11 NOTE
r-devel-linux-x86_64-debian-gcc 1.30.0 4.95 76.82 81.77 NOTE
r-devel-linux-x86_64-fedora-clang 1.30.0 149.97 NOTE
r-devel-linux-x86_64-fedora-gcc 1.30.0 147.84 NOTE
r-devel-windows-x86_64 1.30.0 44.00 142.00 186.00 NOTE
r-patched-linux-x86_64 1.30.0 OK
r-release-linux-x86_64 1.30.0 5.95 92.55 98.50 OK
r-release-macos-arm64 1.30.0 47.00 OK
r-release-macos-x86_64 1.30.0 64.00 OK
r-release-windows-x86_64 1.30.0 41.00 133.00 174.00 OK
r-oldrel-macos-arm64 1.30.0 40.00 OK
r-oldrel-macos-x86_64 1.30.0 77.00 OK
r-oldrel-windows-ix86+x86_64 1.30.0 14.00 138.00 152.00 OK

Check Details

Version: 1.30.0
Check: Rd files
Result: NOTE
    checkRd: (-1) cardiac.Rd:15: Escaped LaTeX specials: \&
    checkRd: (-1) plvol.Rd:14: Escaped LaTeX specials: \&
    checkRd: (-1) sbp.Rd:16: Escaped LaTeX specials: \&
Flavors: r-devel-linux-x86_64-debian-clang, r-devel-linux-x86_64-debian-gcc, r-devel-linux-x86_64-fedora-clang, r-devel-linux-x86_64-fedora-gcc, r-devel-windows-x86_64

Version: 1.30.0
Check: Rd cross-references
Result: NOTE
    Undeclared package ‘R2WinBUGS’ in Rd xrefs
Flavor: r-devel-linux-x86_64-fedora-clang