CRAN Package Check Results for Package MetabolAnalyze

Last updated on 2022-06-26 23:52:03 CEST.

Flavor Version Tinstall Tcheck Ttotal Status Flags
r-devel-linux-x86_64-debian-clang 1.3.1 6.69 39.04 45.73 OK
r-devel-linux-x86_64-debian-gcc 1.3.1 4.60 30.30 34.90 OK
r-devel-linux-x86_64-fedora-clang 1.3.1 64.51 WARN
r-devel-linux-x86_64-fedora-gcc 1.3.1 63.63 WARN
r-devel-windows-x86_64 1.3.1 32.00 62.00 94.00 OK
r-patched-linux-x86_64 1.3.1 6.36 37.38 43.74 OK
r-release-linux-x86_64 1.3.1 6.07 38.58 44.65 OK
r-release-macos-arm64 1.3.1 21.00 OK
r-release-macos-x86_64 1.3.1 28.00 OK
r-release-windows-x86_64 1.3.1 31.00 62.00 93.00 OK
r-oldrel-macos-arm64 1.3.1 23.00 OK
r-oldrel-macos-x86_64 1.3.1 36.00 OK
r-oldrel-windows-ix86+x86_64 1.3.1 10.00 58.00 68.00 OK

Check Details

Version: 1.3.1
Check: package dependencies
Result: WARN
    Requires orphaned package: ‘gtools’
Flavors: r-devel-linux-x86_64-fedora-clang, r-devel-linux-x86_64-fedora-gcc