CRAN Package Check Results for Package Matrix

Last updated on 2020-08-04 23:48:40 CEST.

Flavor Version Tinstall Tcheck Ttotal Status Flags
r-devel-linux-x86_64-debian-clang 1.2-18 190.98 347.40 538.38 OK
r-devel-linux-x86_64-debian-gcc 1.2-18 141.76 260.26 402.02 OK
r-devel-linux-x86_64-fedora-clang 1.2-18 675.21 NOTE
r-devel-linux-x86_64-fedora-gcc 1.2-18 658.94 OK
r-devel-windows-ix86+x86_64 1.2-18 394.00 608.00 1002.00 OK
r-patched-linux-x86_64 1.2-18 153.35 335.24 488.59 OK
r-patched-solaris-x86 1.2-18 OK
r-release-linux-x86_64 1.2-18 150.53 339.45 489.98 OK
r-release-macos-x86_64 1.2-18 OK
r-release-windows-ix86+x86_64 1.2-18 396.00 680.00 1076.00 OK
r-oldrel-macos-x86_64 1.2-18 OK
r-oldrel-windows-ix86+x86_64 1.2-18 284.00 631.00 915.00 OK

Check Details

Version: 1.2-18
Check: Rd cross-references
Result: NOTE
    Undeclared packages ‘spdep’, ‘igraph’ in Rd xrefs
Flavor: r-devel-linux-x86_64-fedora-clang