CRAN Package Check Results for Package MargCond

Last updated on 2022-01-23 23:50:21 CET.

Flavor Version Tinstall Tcheck Ttotal Status Flags
r-devel-linux-x86_64-debian-clang 1.0.0 9.17 85.39 94.56 OK
r-devel-linux-x86_64-debian-gcc 1.0.0 7.63 74.50 82.13 OK
r-devel-linux-x86_64-fedora-clang 1.0.0 112.53 OK
r-devel-linux-x86_64-fedora-gcc 1.0.0 108.73 OK
r-devel-windows-x86_64-new-UL 1.0.0 25.00 97.00 122.00 OK
r-devel-windows-x86_64-new-TK 1.0.0 ERROR
r-patched-linux-x86_64 1.0.0 12.81 80.99 93.80 OK
r-release-linux-x86_64 1.0.0 8.70 80.97 89.67 OK
r-release-macos-arm64 1.0.0 OK
r-release-macos-x86_64 1.0.0 OK
r-release-windows-ix86+x86_64 1.0.0 20.00 95.00 115.00 OK
r-oldrel-macos-x86_64 1.0.0 OK
r-oldrel-windows-ix86+x86_64 1.0.0 20.00 97.00 117.00 OK

Check Details

Version: 1.0.0
Check: package dependencies
Result: ERROR
    Package required but not available: 'lme4'
    
    See section 'The DESCRIPTION file' in the 'Writing R Extensions'
    manual.
Flavor: r-devel-windows-x86_64-new-TK