CRAN Package Check Results for Package MachineShop

Last updated on 2019-05-21 02:47:12 CEST.

Flavor Version Tinstall Tcheck Ttotal Status Flags
r-devel-linux-x86_64-debian-clang 1.3.0 22.78 585.85 608.63 OK
r-devel-linux-x86_64-debian-gcc 1.3.0 21.08 431.91 452.99 OK
r-devel-linux-x86_64-fedora-clang 1.3.0 722.02 NOTE
r-devel-linux-x86_64-fedora-gcc 1.3.0 642.24 NOTE
r-devel-windows-ix86+x86_64 1.3.0 44.00 517.00 561.00 OK
r-patched-linux-x86_64 1.3.0 23.19 554.39 577.58 OK
r-patched-solaris-x86 1.3.0 1157.70 ERROR
r-release-linux-x86_64 1.3.0 22.37 548.65 571.02 OK
r-release-windows-ix86+x86_64 1.3.0 86.00 523.00 609.00 OK
r-release-osx-x86_64 1.3.0 NOTE
r-oldrel-windows-ix86+x86_64 1.3.0 28.00 361.00 389.00 OK
r-oldrel-osx-x86_64 1.3.0 NOTE

Check Details

Version: 1.3.0
Check: dependencies in R code
Result: NOTE
    Namespace in Imports field not imported from: ‘polspline’
     All declared Imports should be used.
Flavors: r-devel-linux-x86_64-fedora-clang, r-devel-linux-x86_64-fedora-gcc, r-patched-solaris-x86, r-release-osx-x86_64, r-oldrel-osx-x86_64

Version: 1.3.0
Check: package dependencies
Result: NOTE
    Package suggested but not available for checking: ‘xgboost’
Flavor: r-patched-solaris-x86

Version: 1.3.0
Check: Rd cross-references
Result: NOTE
    Package unavailable to check Rd xrefs: ‘xgboost’
Flavor: r-patched-solaris-x86

Version: 1.3.0
Check: examples
Result: ERROR
    Running examples in ‘MachineShop-Ex.R’ failed
    The error most likely occurred in:
    
    > ### Name: XGBModel
    > ### Title: Extreme Gradient Boosting Models
    > ### Aliases: XGBModel XGBDARTModel XGBLinearModel XGBTreeModel
    >
    > ### ** Examples
    >
    > modelfit <- fit(Species ~ ., data = iris, model = XGBTreeModel())
    Loading required namespace: xgboost
    Failed with error: ‘there is no package called ‘xgboost’’
    Error in requireModelNamespaces(model@packages) :
     install required packages: xgboost
    Calls: fit ... fit.ModelFrame -> .fit -> .fit.MLModel -> requireModelNamespaces
    Execution halted
Flavor: r-patched-solaris-x86