CRAN Package Check Results for Package MachineShop

Last updated on 2019-07-15 00:50:38 CEST.

Flavor Version Tinstall Tcheck Ttotal Status Flags
r-devel-linux-x86_64-debian-clang 1.4.0 34.72 480.60 515.32 OK
r-devel-linux-x86_64-debian-gcc 1.4.0 28.76 352.46 381.22 OK
r-devel-linux-x86_64-fedora-clang 1.4.0 619.94 NOTE
r-devel-linux-x86_64-fedora-gcc 1.4.0 604.17 NOTE
r-devel-windows-ix86+x86_64 1.4.0 56.00 346.00 402.00 OK
r-patched-linux-x86_64 1.4.0 35.28 461.00 496.28 OK
r-patched-solaris-x86 1.4.0 837.60 ERROR
r-release-linux-x86_64 1.4.0 33.28 458.04 491.32 OK
r-release-windows-ix86+x86_64 1.4.0 52.00 328.00 380.00 OK
r-release-osx-x86_64 1.4.0 NOTE
r-oldrel-windows-ix86+x86_64 1.4.0 58.00 438.00 496.00 OK
r-oldrel-osx-x86_64 1.4.0 NOTE

Check Details

Version: 1.4.0
Check: dependencies in R code
Result: NOTE
    Namespace in Imports field not imported from: ‘polspline’
     All declared Imports should be used.
Flavors: r-devel-linux-x86_64-fedora-clang, r-devel-linux-x86_64-fedora-gcc, r-patched-solaris-x86, r-release-osx-x86_64, r-oldrel-osx-x86_64

Version: 1.4.0
Check: package dependencies
Result: NOTE
    Package suggested but not available for checking: ‘xgboost’
Flavor: r-patched-solaris-x86

Version: 1.4.0
Check: Rd cross-references
Result: NOTE
    Package unavailable to check Rd xrefs: ‘xgboost’
Flavor: r-patched-solaris-x86

Version: 1.4.0
Check: examples
Result: ERROR
    Running examples in ‘MachineShop-Ex.R’ failed
    The error most likely occurred in:
    
    > ### Name: XGBModel
    > ### Title: Extreme Gradient Boosting Models
    > ### Aliases: XGBModel XGBDARTModel XGBLinearModel XGBTreeModel
    >
    > ### ** Examples
    >
    > modelfit <- fit(Species ~ ., data = iris, model = XGBTreeModel())
    Loading required namespace: xgboost
    Failed with error: ‘there is no package called ‘xgboost’’
    Error in requireModelNamespaces(model@packages) :
     install required packages: xgboost
    Calls: fit ... fit.ModelFrame -> .fit -> .fit.MLModel -> requireModelNamespaces
    Execution halted
Flavor: r-patched-solaris-x86