CRAN Package Check Results for Package MSIseq

Last updated on 2019-07-15 00:50:40 CEST.

Flavor Version Tinstall Tcheck Ttotal Status Flags
r-devel-linux-x86_64-debian-clang 1.0.0 18.70 289.41 308.11 NOTE
r-devel-linux-x86_64-debian-gcc 1.0.0 16.40 233.02 249.42 NOTE
r-devel-linux-x86_64-fedora-clang 1.0.0 408.93 NOTE
r-devel-linux-x86_64-fedora-gcc 1.0.0 377.10 NOTE
r-devel-windows-ix86+x86_64 1.0.0 31.00 108.00 139.00 NOTE --no-vignettes
r-patched-linux-x86_64 1.0.0 17.03 285.69 302.72 NOTE
r-release-linux-x86_64 1.0.0 18.01 286.60 304.61 NOTE
r-release-windows-ix86+x86_64 1.0.0 31.00 148.00 179.00 NOTE --no-vignettes
r-release-osx-x86_64 1.0.0 ERROR
r-oldrel-windows-ix86+x86_64 1.0.0 20.00 99.00 119.00 NOTE --no-vignettes
r-oldrel-osx-x86_64 1.0.0 NOTE

Check Details

Version: 1.0.0
Check: R code for possible problems
Result: NOTE
    MSIseq.classify: no visible global function definition for 'predict'
    Undefined global functions or variables:
     predict
    Consider adding
     importFrom("stats", "predict")
    to your NAMESPACE file.
Flavors: r-devel-linux-x86_64-debian-clang, r-devel-linux-x86_64-debian-gcc, r-devel-linux-x86_64-fedora-clang, r-devel-linux-x86_64-fedora-gcc, r-patched-linux-x86_64, r-release-linux-x86_64, r-oldrel-osx-x86_64

Version: 1.0.0
Flags: --no-vignettes
Check: R code for possible problems
Result: NOTE
    MSIseq.classify: no visible global function definition for 'predict'
    Undefined global functions or variables:
     predict
    Consider adding
     importFrom("stats", "predict")
    to your NAMESPACE file.
Flavors: r-devel-windows-ix86+x86_64, r-release-windows-ix86+x86_64, r-oldrel-windows-ix86+x86_64

Version: 1.0.0
Check: package dependencies
Result: ERROR
    Package required but not available: ‘IRanges’
    
    See section ‘The DESCRIPTION file’ in the ‘Writing R Extensions’
    manual.
Flavor: r-release-osx-x86_64