CRAN Package Check Results for Package MSIseq

Last updated on 2019-10-20 23:47:30 CEST.

Flavor Version Tinstall Tcheck Ttotal Status Flags
r-devel-linux-x86_64-debian-clang 1.0.0 18.49 290.74 309.23 NOTE
r-devel-linux-x86_64-debian-gcc 1.0.0 17.46 229.22 246.68 NOTE
r-devel-linux-x86_64-fedora-clang 1.0.0 447.33 NOTE
r-devel-linux-x86_64-fedora-gcc 1.0.0 413.36 NOTE
r-devel-windows-ix86+x86_64 1.0.0 22.00 7.00 29.00 ERROR --no-vignettes
r-patched-linux-x86_64 1.0.0 17.87 282.14 300.01 NOTE
r-release-linux-x86_64 1.0.0 18.67 280.00 298.67 NOTE
r-release-windows-ix86+x86_64 1.0.0 44.00 149.00 193.00 NOTE --no-vignettes
r-release-osx-x86_64 1.0.0 WARN
r-oldrel-windows-ix86+x86_64 1.0.0 16.00 102.00 118.00 NOTE --no-vignettes
r-oldrel-osx-x86_64 1.0.0 NOTE

Check Details

Version: 1.0.0
Check: R code for possible problems
Result: NOTE
    MSIseq.classify: no visible global function definition for 'predict'
    Undefined global functions or variables:
     predict
    Consider adding
     importFrom("stats", "predict")
    to your NAMESPACE file.
Flavors: r-devel-linux-x86_64-debian-clang, r-devel-linux-x86_64-debian-gcc, r-devel-linux-x86_64-fedora-clang, r-devel-linux-x86_64-fedora-gcc, r-patched-linux-x86_64, r-release-linux-x86_64, r-release-osx-x86_64, r-oldrel-osx-x86_64

Version: 1.0.0
Flags: --no-vignettes
Check: whether package can be installed
Result: ERROR
    Installation failed.
Flavor: r-devel-windows-ix86+x86_64

Version: 1.0.0
Flags: --no-vignettes
Check: R code for possible problems
Result: NOTE
    MSIseq.classify: no visible global function definition for 'predict'
    Undefined global functions or variables:
     predict
    Consider adding
     importFrom("stats", "predict")
    to your NAMESPACE file.
Flavors: r-release-windows-ix86+x86_64, r-oldrel-windows-ix86+x86_64

Version: 1.0.0
Check: whether package can be installed
Result: WARN
    Found the following significant warnings:
     Warning: package ‘IRanges’ was built under R version 3.6.1
     Warning: package ‘S4Vectors’ was built under R version 3.6.1
Flavor: r-release-osx-x86_64