CRAN Package Check Results for Package MSEtool

Last updated on 2022-07-05 23:55:46 CEST.

Flavor Version Tinstall Tcheck Ttotal Status Flags
r-devel-linux-x86_64-debian-clang 3.5.0 135.69 273.15 408.84 OK
r-devel-linux-x86_64-debian-gcc 3.5.0 120.44 197.53 317.97 OK
r-devel-linux-x86_64-fedora-clang 3.5.0 591.48 NOTE
r-devel-linux-x86_64-fedora-gcc 3.5.0 565.43 OK
r-devel-windows-x86_64 3.5.0 241.00 282.00 523.00 NOTE
r-patched-linux-x86_64 3.5.0 140.63 256.31 396.94 OK
r-release-linux-x86_64 3.5.0 126.28 260.01 386.29 OK
r-release-macos-arm64 3.5.0 118.00 NOTE
r-release-macos-x86_64 3.5.0 155.00 NOTE
r-release-windows-x86_64 3.5.0 275.00 297.00 572.00 NOTE
r-oldrel-macos-arm64 3.5.0 117.00 NOTE
r-oldrel-macos-x86_64 3.5.0 157.00 NOTE
r-oldrel-windows-ix86+x86_64 3.5.0 311.00 336.00 647.00 NOTE

Check Details

Version: 3.5.0
Check: installed package size
Result: NOTE
     installed size is 9.5Mb
     sub-directories of 1Mb or more:
     R 1.8Mb
     data 4.0Mb
     libs 2.8Mb
Flavors: r-devel-linux-x86_64-fedora-clang, r-devel-windows-x86_64, r-release-macos-arm64, r-release-macos-x86_64, r-release-windows-x86_64, r-oldrel-macos-arm64, r-oldrel-macos-x86_64, r-oldrel-windows-ix86+x86_64