Last updated on 2023-01-26 23:55:56 CET.
Flavor | Version | Tinstall | Tcheck | Ttotal | Status | Flags |
---|---|---|---|---|---|---|
r-devel-linux-x86_64-debian-clang | 1.1.2 | 14.65 | 176.93 | 191.58 | OK | |
r-devel-linux-x86_64-debian-gcc | 1.1.2 | 11.17 | 132.34 | 143.51 | OK | |
r-devel-linux-x86_64-fedora-clang | 1.1.2 | 241.79 | OK | |||
r-devel-linux-x86_64-fedora-gcc | 1.1.2 | 253.66 | OK | |||
r-devel-windows-x86_64 | 1.1.2 | 36.00 | 201.00 | 237.00 | OK | |
r-patched-linux-x86_64 | 1.1.2 | 11.89 | 172.01 | 183.90 | OK | |
r-release-linux-x86_64 | 1.1.2 | 10.64 | 174.38 | 185.02 | OK | |
r-release-macos-arm64 | 1.1.2 | 62.00 | OK | |||
r-release-macos-x86_64 | 1.1.2 | 81.00 | OK | |||
r-release-windows-x86_64 | 1.1.2 | 41.00 | 196.00 | 237.00 | OK | |
r-oldrel-macos-arm64 | 1.1.2 | 52.00 | OK | |||
r-oldrel-macos-x86_64 | 1.1.2 | 82.00 | OK | |||
r-oldrel-windows-ix86+x86_64 | 1.1.2 | 6.00 | 17.00 | 23.00 | ERROR |
Version: 1.1.2
Check: whether package can be installed
Result: ERROR
Installation failed.
Flavor: r-oldrel-windows-ix86+x86_64