Last updated on 2022-06-30 23:52:19 CEST.
Flavor | Version | Tinstall | Tcheck | Ttotal | Status | Flags |
---|---|---|---|---|---|---|
r-devel-linux-x86_64-debian-clang | 1.0.1 | 9.24 | 77.19 | 86.43 | OK | |
r-devel-linux-x86_64-debian-gcc | 1.0.1 | 7.90 | 59.89 | 67.79 | OK | |
r-devel-linux-x86_64-fedora-clang | 1.0.1 | 115.46 | OK | |||
r-devel-linux-x86_64-fedora-gcc | 1.0.1 | 120.78 | OK | |||
r-devel-windows-x86_64 | 1.0.1 | 17.00 | 101.00 | 118.00 | OK | |
r-patched-linux-x86_64 | 1.0.1 | 7.56 | 75.92 | 83.48 | OK | |
r-release-linux-x86_64 | 1.0.1 | 9.15 | 75.93 | 85.08 | OK | |
r-release-macos-arm64 | 1.0.1 | 34.00 | OK | |||
r-release-macos-x86_64 | 1.0.1 | 57.00 | OK | |||
r-release-windows-x86_64 | 1.0.1 | 15.00 | 103.00 | 118.00 | OK | |
r-oldrel-macos-arm64 | 1.0.1 | 37.00 | OK | |||
r-oldrel-macos-x86_64 | 1.0.1 | 56.00 | OK | |||
r-oldrel-windows-ix86+x86_64 | 1.0.1 | 2.00 | 8.00 | 10.00 | ERROR |
Version: 1.0.1
Check: whether package can be installed
Result: ERROR
Installation failed.
Flavor: r-oldrel-windows-ix86+x86_64