CRAN Package Check Results for Package MPTmultiverse

Last updated on 2022-07-05 23:55:46 CEST.

Flavor Version Tinstall Tcheck Ttotal Status Flags
r-devel-linux-x86_64-debian-clang 0.4-2 7.81 88.35 96.16 NOTE
r-devel-linux-x86_64-debian-gcc 0.4-2 6.29 65.42 71.71 NOTE
r-devel-linux-x86_64-fedora-clang 0.4-2 128.94 NOTE
r-devel-linux-x86_64-fedora-gcc 0.4-2 120.46 NOTE
r-devel-windows-x86_64 0.4-2 41.00 140.00 181.00 NOTE
r-patched-linux-x86_64 0.4-2 6.16 82.87 89.03 NOTE
r-release-linux-x86_64 0.4-2 7.71 83.14 90.85 NOTE
r-release-macos-arm64 0.4-2 55.00 NOTE
r-release-macos-x86_64 0.4-2 63.00 NOTE
r-release-windows-x86_64 0.4-2 35.00 149.00 184.00 NOTE
r-oldrel-macos-arm64 0.4-2 41.00 NOTE
r-oldrel-macos-x86_64 0.4-2 70.00 NOTE
r-oldrel-windows-ix86+x86_64 0.4-2 17.00 146.00 163.00 NOTE

Check Details

Version: 0.4-2
Check: LazyData
Result: NOTE
     'LazyData' is specified without a 'data' directory
Flavors: r-devel-linux-x86_64-debian-clang, r-devel-linux-x86_64-debian-gcc, r-devel-linux-x86_64-fedora-clang, r-devel-linux-x86_64-fedora-gcc, r-devel-windows-x86_64, r-patched-linux-x86_64, r-release-linux-x86_64, r-release-macos-arm64, r-release-macos-x86_64, r-release-windows-x86_64, r-oldrel-macos-arm64, r-oldrel-macos-x86_64, r-oldrel-windows-ix86+x86_64