CRAN Package Check Results for Package MOSS

Last updated on 2024-06-24 00:50:14 CEST.

Flavor Version Tinstall Tcheck Ttotal Status Flags
r-devel-linux-x86_64-debian-clang 0.2.2 6.85 274.16 281.01 NOTE
r-devel-linux-x86_64-debian-gcc 0.2.2 5.04 241.33 246.37 NOTE
r-devel-linux-x86_64-fedora-clang 0.2.2 353.15 NOTE
r-devel-linux-x86_64-fedora-gcc 0.2.2 423.45 NOTE
r-devel-windows-x86_64 0.2.2 6.00 288.00 294.00 NOTE
r-patched-linux-x86_64 0.2.2 7.09 312.28 319.37 NOTE
r-release-linux-x86_64 0.2.2 6.30 311.53 317.83 NOTE
r-release-macos-arm64 0.2.2 151.00 NOTE
r-release-macos-x86_64 0.2.2 240.00 NOTE
r-release-windows-x86_64 0.2.2 7.00 293.00 300.00 NOTE
r-oldrel-macos-arm64 0.2.2 170.00 OK
r-oldrel-macos-x86_64 0.2.2 257.00 OK
r-oldrel-windows-x86_64 0.2.2 7.00 334.00 341.00 OK

Additional issues

noSuggests

Check Details

Version: 0.2.2
Check: Rd files
Result: NOTE checkRd: (-1) ssvdEN_sol_path.Rd:58: Lost braces; missing escapes or markup? 58 | \item{tol}{Convergence is determined when ||U_j - U_{j-1}||_F < tol, | ^ checkRd: (-1) ssvdEN_sol_path_par.Rd:59: Lost braces; missing escapes or markup? 59 | \item{tol}{Convergence is determined when ||U_j - U_{j-1}||_F < tol, | ^ Flavors: r-devel-linux-x86_64-debian-clang, r-devel-linux-x86_64-debian-gcc, r-devel-linux-x86_64-fedora-clang, r-devel-linux-x86_64-fedora-gcc, r-devel-windows-x86_64, r-patched-linux-x86_64, r-release-linux-x86_64, r-release-macos-arm64, r-release-macos-x86_64, r-release-windows-x86_64