CRAN Package Check Results for Package MNLR

Last updated on 2022-11-28 22:51:28 CET.

Flavor Version Tinstall Tcheck Ttotal Status Flags
r-devel-linux-x86_64-debian-clang 0.1.0 2.50 21.51 24.01 NOTE
r-devel-linux-x86_64-debian-gcc 0.1.0 2.03 17.16 19.19 NOTE
r-devel-linux-x86_64-fedora-clang 0.1.0 40.93 NOTE
r-devel-linux-x86_64-fedora-gcc 0.1.0 40.94 NOTE
r-devel-windows-x86_64 0.1.0 6.00 95.00 101.00 NOTE
r-patched-linux-x86_64 0.1.0 1.90 21.87 23.77 NOTE
r-release-linux-x86_64 0.1.0 1.75 21.53 23.28 NOTE
r-release-macos-arm64 0.1.0 16.00 NOTE
r-release-macos-x86_64 0.1.0 23.00 NOTE
r-release-windows-x86_64 0.1.0 16.00 48.00 64.00 NOTE
r-oldrel-macos-arm64 0.1.0 18.00 NOTE
r-oldrel-macos-x86_64 0.1.0 22.00 NOTE
r-oldrel-windows-ix86+x86_64 0.1.0 9.00 46.00 55.00 NOTE

Check Details

Version: 0.1.0
Check: LazyData
Result: NOTE
     'LazyData' is specified without a 'data' directory
Flavors: r-devel-linux-x86_64-debian-clang, r-devel-linux-x86_64-debian-gcc, r-devel-linux-x86_64-fedora-clang, r-devel-linux-x86_64-fedora-gcc, r-devel-windows-x86_64, r-patched-linux-x86_64, r-release-linux-x86_64, r-release-macos-arm64, r-release-macos-x86_64, r-release-windows-x86_64, r-oldrel-macos-arm64, r-oldrel-macos-x86_64, r-oldrel-windows-ix86+x86_64

Version: 0.1.0
Check: dependencies in R code
Result: NOTE
    Namespaces in Imports field not imported from:
     ‘caret’ ‘datasets’ ‘e1071’ ‘nnet’ ‘shiny’ ‘stats’
     All declared Imports should be used.
Flavors: r-devel-linux-x86_64-fedora-clang, r-devel-linux-x86_64-fedora-gcc, r-release-macos-arm64, r-release-macos-x86_64, r-oldrel-macos-arm64, r-oldrel-macos-x86_64