CRAN Package Check Results for Package MMVBVS

Last updated on 2022-06-24 23:50:16 CEST.

Flavor Version Tinstall Tcheck Ttotal Status Flags
r-devel-linux-x86_64-debian-clang 0.8.0 46.18 61.49 107.67 NOTE
r-devel-linux-x86_64-debian-gcc 0.8.0 39.31 45.59 84.90 NOTE
r-devel-linux-x86_64-fedora-clang 0.8.0 172.58 NOTE
r-devel-linux-x86_64-fedora-gcc 0.8.0 142.16 NOTE
r-devel-windows-x86_64 0.8.0 42.00 100.00 142.00 NOTE
r-patched-linux-x86_64 0.8.0 41.73 58.70 100.43 NOTE
r-release-linux-x86_64 0.8.0 44.58 58.07 102.65 NOTE
r-release-macos-arm64 0.8.0 42.00 NOTE
r-release-macos-x86_64 0.8.0 72.00 NOTE
r-release-windows-x86_64 0.8.0 42.00 104.00 146.00 NOTE
r-oldrel-macos-arm64 0.8.0 44.00 NOTE
r-oldrel-macos-x86_64 0.8.0 65.00 NOTE
r-oldrel-windows-ix86+x86_64 0.8.0 112.00 119.00 231.00 NOTE

Check Details

Version: 0.8.0
Check: LazyData
Result: NOTE
     'LazyData' is specified without a 'data' directory
Flavors: r-devel-linux-x86_64-debian-clang, r-devel-linux-x86_64-debian-gcc, r-devel-linux-x86_64-fedora-clang, r-devel-linux-x86_64-fedora-gcc, r-devel-windows-x86_64, r-patched-linux-x86_64, r-release-linux-x86_64, r-release-macos-arm64, r-release-macos-x86_64, r-release-windows-x86_64, r-oldrel-macos-arm64, r-oldrel-macos-x86_64, r-oldrel-windows-ix86+x86_64