CRAN Package Check Results for Package MM2Sdata

Last updated on 2019-09-15 23:46:25 CEST.

Flavor Version Tinstall Tcheck Ttotal Status Flags
r-devel-linux-x86_64-debian-clang 1.0.3 2.93 26.22 29.15 OK
r-devel-linux-x86_64-debian-gcc 1.0.3 2.25 21.66 23.91 OK
r-devel-linux-x86_64-fedora-clang 1.0.3 36.76 OK
r-devel-linux-x86_64-fedora-gcc 1.0.3 36.49 OK
r-devel-windows-ix86+x86_64 1.0.3 12.00 43.00 55.00 OK
r-patched-linux-x86_64 1.0.3 2.48 26.07 28.55 OK
r-patched-solaris-x86 1.0.3 58.60 OK
r-release-linux-x86_64 1.0.3 2.72 26.46 29.18 OK
r-release-windows-ix86+x86_64 1.0.3 7.00 40.00 47.00 OK
r-release-osx-x86_64 1.0.3 ERROR
r-oldrel-windows-ix86+x86_64 1.0.3 5.00 37.00 42.00 OK
r-oldrel-osx-x86_64 1.0.3 OK

Check Details

Version: 1.0.3
Check: package dependencies
Result: ERROR
    Package required but not available: ‘Biobase’
    
    See section ‘The DESCRIPTION file’ in the ‘Writing R Extensions’
    manual.
Flavor: r-release-osx-x86_64