CRAN Package Check Results for Package MM2S

Last updated on 2019-12-08 23:47:29 CET.

Flavor Version Tinstall Tcheck Ttotal Status Flags
r-devel-linux-x86_64-debian-clang 1.0.6 21.55 312.81 334.36 NOTE
r-devel-linux-x86_64-debian-gcc 1.0.6 19.45 234.70 254.15 NOTE
r-devel-linux-x86_64-fedora-clang 1.0.6 401.68 NOTE
r-devel-linux-x86_64-fedora-gcc 1.0.6 416.01 NOTE
r-devel-windows-ix86+x86_64 1.0.6 38.00 248.00 286.00 OK
r-devel-windows-ix86+x86_64-gcc8 1.0.6 41.00 246.00 287.00 OK
r-patched-linux-x86_64 1.0.6 20.70 284.35 305.05 OK
r-patched-solaris-x86 1.0.6 679.00 OK
r-release-linux-x86_64 1.0.6 19.82 245.03 264.85 OK
r-release-windows-ix86+x86_64 1.0.6 54.00 393.00 447.00 OK
r-release-osx-x86_64 1.0.6 OK
r-oldrel-windows-ix86+x86_64 1.0.6 23.00 249.00 272.00 OK
r-oldrel-osx-x86_64 1.0.6 OK

Check Details

Version: 1.0.6
Check: for non-standard things in the check directory
Result: NOTE
    Found the following files/directories:
     'MM2S_Predictions_Heatmap.pdf' 'MM2S_Predictions_StackedBarplot.pdf'
Flavors: r-devel-linux-x86_64-debian-clang, r-devel-linux-x86_64-debian-gcc, r-devel-linux-x86_64-fedora-clang, r-devel-linux-x86_64-fedora-gcc