CRAN Package Check Results for Package MM2S

Last updated on 2019-08-18 23:47:38 CEST.

Flavor Version Tinstall Tcheck Ttotal Status Flags
r-devel-linux-x86_64-debian-clang 1.0.6 19.78 248.01 267.79 NOTE
r-devel-linux-x86_64-debian-gcc 1.0.6 17.79 251.94 269.73 NOTE
r-devel-linux-x86_64-fedora-clang 1.0.6 386.95 NOTE
r-devel-linux-x86_64-fedora-gcc 1.0.6 385.54 NOTE
r-devel-windows-ix86+x86_64 1.0.6 58.00 319.00 377.00 OK
r-patched-linux-x86_64 1.0.6 21.17 242.15 263.32 OK
r-patched-solaris-x86 1.0.6 591.10 OK
r-release-linux-x86_64 1.0.6 18.95 243.83 262.78 OK
r-release-windows-ix86+x86_64 1.0.6 4.00 5.00 9.00 ERROR
r-release-osx-x86_64 1.0.6 ERROR
r-oldrel-windows-ix86+x86_64 1.0.6 32.00 321.00 353.00 OK
r-oldrel-osx-x86_64 1.0.6 OK

Check Details

Version: 1.0.6
Check: for non-standard things in the check directory
Result: NOTE
    Found the following files/directories:
     'MM2S_Predictions_Heatmap.pdf' 'MM2S_Predictions_StackedBarplot.pdf'
Flavors: r-devel-linux-x86_64-debian-clang, r-devel-linux-x86_64-debian-gcc, r-devel-linux-x86_64-fedora-clang, r-devel-linux-x86_64-fedora-gcc

Version: 1.0.6
Check: whether package can be installed
Result: ERROR
    Installation failed.
Flavor: r-release-windows-ix86+x86_64

Version: 1.0.6
Check: package dependencies
Result: ERROR
    Package required but not available: ‘GSVA’
    
    Package suggested but not available for checking: ‘MM2Sdata’
    
    See section ‘The DESCRIPTION file’ in the ‘Writing R Extensions’
    manual.
Flavor: r-release-osx-x86_64