CRAN Package Check Results for Package MLmetrics

Last updated on 2024-07-14 00:55:28 CEST.

Flavor Version Tinstall Tcheck Ttotal Status Flags
r-devel-linux-x86_64-debian-clang 1.1.3 2.89 25.55 28.44 OK
r-devel-linux-x86_64-debian-gcc 1.1.3 2.20 19.72 21.92 OK
r-devel-linux-x86_64-fedora-clang 1.1.3 35.45 NOTE
r-devel-linux-x86_64-fedora-gcc 1.1.3 33.25 NOTE
r-devel-windows-x86_64 1.1.3 3.00 49.00 52.00 OK
r-patched-linux-x86_64 1.1.3 3.05 25.01 28.06 OK
r-release-linux-x86_64 1.1.3 2.07 24.93 27.00 OK
r-release-macos-arm64 1.1.3 16.00 OK
r-release-macos-x86_64 1.1.3 23.00 OK
r-release-windows-x86_64 1.1.3 4.00 46.00 50.00 OK
r-oldrel-macos-arm64 1.1.3 20.00 OK
r-oldrel-macos-x86_64 1.1.3 30.00 OK
r-oldrel-windows-x86_64 1.1.3 4.00 48.00 52.00 OK

Check Details

Version: 1.1.3
Check: dependencies in R code
Result: NOTE Namespace in Imports field not imported from: ‘utils’ All declared Imports should be used. Flavors: r-devel-linux-x86_64-fedora-clang, r-devel-linux-x86_64-fedora-gcc